MONTHLY CLIMATOLOGICAL SUMMARY for AUG. 2009

NAME: Stenimachos   CITY: Naoussa STATE: Imathia
ELEV: 140 LAT: 040:36:14 LONG: 0022:07:25

                            TEMPERATURE ( C), RAIN (mm), WIND SPEED (kmh)

                                                 HEAT     COOL           AVG
      MEAN                                       DEG      DEG            WIND                        DOM
DAY   TEMP    HIGH   TIME      LOW     TIME      DAYS     DAYS   RAIN    SPEED    HIGH    TIME       DIR
----------------------------------------------------------------------------------------------------------------------------------------------------------
01    28.7    33.1   16:50    22.4   07:38     00.0     10.4    00.0   08.3     20.4    23:41      SW
02    26.9    32.9   17:00    21.0   06:44     00.0     08.6    00.0   07.7     20.4    17:17     WSW
03    26.7    32.6   16:34    20.5   06:29     00.0     08.4    00.0   07.3     18.5    13:55     WSW
04    26.9    33.0   15:27    20.7   06:24     00.0     08.6    00.0   07.3     22.2    14:55     WSW
05    25.9    31.4   14:50    20.1   00:00     00.0     07.6    03.0   08.8     37.0    21:11      W 
07    23.4    28.7   18:52    18.0   07:10     00.0     05.1    01.0   07.4     24.1    11:08     WSW
08    24.6    29.5   15:18    19.3   07:00     00.0     06.3    00.0   07.9     18.5    15:05     WSW
09    22.5    26.5   17:03    19.6   09:01     00.0     04.2    22.1   05.0     14.8    23:59      W 
10    23.1    27.9   17:51    20.2   06:33     00.0     04.8    00.0   06.8     18.5    00:41      W 
11    21.8    26.4   17:08    18.8   00:00     00.0     03.5    00.0   06.3     18.5    02:33     WNW
12    20.9    26.6   18:30    17.1   05:50     00.0     02.6    03.0   06.7     24.1    01:57     WSW
13    23.6    29.6   17:40    17.9   06:36     00.0     05.3    00.0   08.4     22.2    22:37     WSW
14    23.8    30.0   14:06    18.7   06:35     00.0     05.5    00.5   09.2     31.4    17:44     WSW
15    26.5    30.2   17:22    20.3   07:13     00.0     08.2    00.3   06.7     20.4    19:05     WSW
16    26.1    32.9   17:43    21.1   04:20     00.0     07.8    00.0   07.4     20.4    23:00      W 
17    25.8    32.1   18:32    20.7   07:07     00.0     07.5    00.0   07.1     24.1    02:21     WSW
18    26.0    32.1   16:55    20.3   06:54     00.0     07.7    00.0   07.8     18.5    21:52     WSW
19    28.1    34.7   18:24    21.4   04:12     00.0     09.8    00.0   08.3     20.4    23:43      W 
20    28.0    33.3   17:57    22.9   07:25     00.0     09.7    00.0   07.6     18.5    22:52     WSW
21    25.7    30.7   16:36    21.5   00:00     00.0     07.4    00.0   07.4     20.4    15:21      W 
22    24.7    30.7   18:07    19.9   06:55     00.0     06.4    00.0   07.7     16.6    22:39     WSW
23    25.3    31.7   16:48    20.3   02:45     00.0     07.0    00.0   08.3     20.4    22:55     WSW
24    23.7    27.6   16:28    20.9   23:51     00.0     05.4    00.0   06.9     20.4    10:30      SW
25    22.1    28.1   18:31    18.4   09:04     00.0     03.8    00.0   06.5     22.2    03:17     WSW
26    23.8    30.3   17:16    18.0   05:51     00.0     05.5    00.0   09.1     20.4    03:47     WSW
27    25.0    31.8   16:35    19.0   04:40     00.0     06.7    00.0   08.3     20.4    21:59     WSW
28    24.7    31.9   16:31    18.6   05:42     00.0     06.4    00.0   08.2     20.4    21:51     WSW
29    24.9    31.5   16:58    18.9   06:30     00.0     06.6    00.0   07.4     20.4    05:14      W 
30    24.2    30.4   16:31    19.1   23:54     00.0     05.9    02.4   08.4     44.4    19:48      W 
31    23.8    29.2   17:34    19.2   00:18     00.0     05.5    00.0   07.4     22.2    01:32      SW
----------------------------------------------------------------------------------------------------------------------------------------------------------
24.9 (25.2)   34.7  day 19     17.1  day 12   000.0    198.1   032.3   07.6     44.4   day 30     WSW
Max >=  30: 20
Min <=   30: 30
Max Rain: 22.1 ON 9-08-09
Days of Rain: 7 (> .2mm) 4 (> 2mm) 1 (> 20mm)