MONTHLY CLIMATOLOGICAL SUMMARY for AUG. 2010

NAME: Stenimachos   CITY: Naoussa STATE: Imathia
ELEV: 140 LAT: 040:36:14 LONG: 0022:07:25

                            TEMPERATURE ( C), RAIN (mm), WIND SPEED (kmh)

                                                 HEAT     COOL           AVG
      MEAN                                       DEG      DEG            WIND                        DOM
DAY   TEMP    HIGH   TIME      LOW     TIME      DAYS     DAYS   RAIN    SPEED    HIGH    TIME       DIR
----------------------------------------------------------------------------------------------------------------------------------------------------------
01    26.3    32.4   16:58    20.3   06:14     00.0     08.0    00.0   07.6     20.4    21:27     WSW
02    26.8    32.8   16:44    20.5   07:12     00.0     08.5    00.0   08.3     22.2    01:23     WSW
03    28.4    34.1   17:06    22.1   06:57     00.0     10.1    00.0   07.3     18.5    00:13      SW
04    26.6    33.6   13:58    21.5   20:33     00.0     08.3    02.7   10.2     50.0    17:56     WSW
05    25.6    32.4   15:49    18.5   06:24     00.0     07.3    00.0   07.4     25.9    14:21      SW
06    26.6    32.0   17:14    21.3   06:06     00.0     08.3    00.0   07.5     20.4    16:31     WSW
07    26.9    32.6   16:33    22.2   06:05     00.0     08.6    00.0   07.5     18.5    22:29     WSW
08    27.0    33.4   18:43    21.7   06:37     00.0     08.7    00.0   08.3     22.2    14:39     WSW
09    26.8    33.0   18:15    20.8   06:50     00.0     08.5    00.0   08.1     20.4    23:11      SW
10    27.2    33.8   16:59    21.1   06:45     00.0     08.9    00.0   08.4     20.4    01:57     WSW
11    28.4    34.9   18:12    22.8   07:39     00.0     10.1    00.0   08.1     20.4    15:02     WSW
12    29.4    35.1   15:16    23.9   07:16     00.0     11.1    00.0   08.0     20.4    20:48      SW
13    29.7    36.1   17:12    23.4   05:52     00.0     11.4    00.0   09.4     22.2    00:34      SW
14    30.3    37.8   18:12    23.3   07:11     00.0     12.0    00.0   08.2     20.4    22:06     WSW
15    29.9    36.4   17:31    24.2   07:12     00.0     11.6    00.0   08.4     18.5    15:53     WSW
16    29.6    35.4   17:27    23.8   07:26     00.0     11.3    00.0   07.7     18.5    23:09     WSW
17    29.5    35.5   15:31    24.1   07:08     00.0     11.2    00.0   08.1     22.2    21:48     SSW
18    27.6    34.5   17:05    21.9   06:21     00.0     09.3    00.0   08.7     20.4    06:41      SW
19    27.3    33.4   17:29    21.7   05:23     00.0     09.0    00.0   08.2     16.6    22:00      SW
20    28.3    34.0   17:40    22.4   06:39     00.0     10.0    00.0   08.4     18.5    21:43      SW
21    27.1    32.6   17:29    22.2   07:13     00.0     08.8    00.0   08.9     24.1    12:18      SW
22    24.1    29.9   17:46    20.3   09:49     00.0     05.8    10.7   06.8     20.4    22:53     WSW
23    24.3    30.5   15:41    19.0   07:16     00.0     06.0    00.0   07.9     20.4    17:46     WSW
24    24.6    31.8   16:51    18.2   07:11     00.0     06.3    00.0   08.4     18.5    02:07      SW
25    26.3    35.1   16:18    19.3   06:35     00.0     08.0    00.0   08.3     16.6    21:41      SW
26    28.4    35.1   16:29    21.5   05:46     00.0     10.1    00.0   07.7     20.4    21:42     WSW
27    27.7    33.5   17:02    22.0   06:02     00.0     09.4    00.0   08.2     20.4    01:41      SW
28    26.5    33.3   17:00    20.4   05:50     00.0     08.2    00.0   07.2     16.6    01:09     WSW
29    26.4    31.7   16:27    21.1   07:28     00.0     08.1    00.0   08.7     22.2    16:57     SSW
30    22.9    25.9   17:25    18.9   07:25     00.0     04.6    00.0   05.2     16.6    23:54     WSW
31    24.2    31.4   16:36    19.0   07:30     00.0     05.9    00.0   11.1     12.9    23:50      W 
----------------------------------------------------------------------------------------------------------------------------------------------------------
27.1 (27.4)   37.8  day 14     18.2  day 24   000.0    273.5   013.4   22.3     50.0   day 04      SW
Max >=  30: 29
Min <=   30: 31
Max Rain: 10.7 ON 22-08-10
Days of Rain: 2 (> .2mm) 2 (> 2mm) 0 (> 20mm)