MONTHLY CLIMATOLOGICAL SUMMARY for AUG. 2011

NAME: Stenimachos   CITY: Naousa STATE: Imathia
ELEV: 140 m LAT: 040:22:00 LONG: -022:07:00

                            TEMPERATURE ( C), RAIN (mm), WIND SPEED (kmh)

                                               HEAT     COOL           AVG
      MEAN                                     DEG      DEG            WIND                       DOM
DAY   TEMP    HIGH   TIME     LOW    TIME      DAYS     DAYS    RAIN   SPEED    HIGH    TIME      DIR
----------------------------------------------------------------------------------------------------------------------------------------------------------
12    29.9    35.1   18:43    21.6   06:30     00.0     11.6    00.0   06.2     18.5    20:47      W 
13    28.9    34.9   17:32    22.8   06:23     00.0     10.6    00.0   07.0     16.6    15:01      SW
14    27.7    33.8   18:49    21.4   06:38     00.0     09.4    00.0   06.9     20.4    15:26      SW
15    28.0    34.1   16:15    21.0   06:41     00.0     09.7    00.0   07.2     16.6    14:08     SSW
16    27.8    33.3   15:49    21.6   06:26     00.0     09.5    00.0   07.0     18.5    15:53      SW
17    27.6    33.7   15:34    20.9   06:28     00.0     09.3    00.0   08.2     22.2    13:33     SSE
18    28.3    34.7   16:58    21.2   05:17     00.0     10.0    00.0   08.3     22.2    01:43      SW
19    24.7    31.3   16:27    00.0   23:59     00.0     06.4    16.6   08.3     33.3    22:14      W 
20    27.1    34.4   17:49    19.9   06:51     00.0     08.8    00.0   06.9     16.6    12:54     WSW
21    29.1    35.2   18:30    24.4   00:00     00.0     10.8    00.0   07.3     18.5    21:17      W 
22    26.5    33.0   17:36    21.7   07:00     00.0     08.2    00.0   07.8     24.1    15:56     WSW
23    26.5    33.2   15:49    20.5   07:27     00.0     08.2    00.0   08.9     18.5    22:12      SW
24    26.9    34.7   16:08    20.0   07:14     00.0     08.6    00.0   08.0     18.5    20:51      SW
25    27.9    35.3   17:23    21.2   06:22     00.0     09.6    00.0   08.1     18.5    01:13      SW
26    27.0    32.9   17:00    22.1   05:20     00.0     08.7    00.0   07.7     18.5    18:17      SW
27    24.6    30.1   15:39    19.9   07:15     00.0     06.3    00.0   08.1     22.2    16:34     SSW
28    23.6    30.5   17:07    18.0   06:34     00.0     05.3    00.0   08.1     20.4    23:06     WSW
29    23.8    30.6   16:16    17.3   07:17     00.0     05.5    00.0   08.5     18.5    21:27      SW
30    23.0    30.6   16:24    16.9   06:52     00.0     04.7    00.0   08.4     18.5    04:18      SW
31    24.4    28.7   13:03    20.8   23:47     00.0     06.1    00.0   06.6     37.0    17:07     WSW
----------------------------------------------------------------------------------------------------------------------------------------------------------
26.6 (26.3)   35.3  day 25     00.0  day 19   000.0    266.1   019.3   07.9     42.6   day 21     WSW
Max >=  30: 31
Min <=   30: 32
Max Rain: 16.6 ON 19-08-11
Days of Rain: 1 (> .2mm) 1 (> 2mm) 0 (> 20mm)