MONTHLY CLIMATOLOGICAL SUMMARY for AUG. 2012

NAME: Stenimachos   CITY: Naousa STATE: Imathia
ELEV: 140 LAT: 040:36:00 LONG: -022:07:00

                            TEMPERATURE ( C), RAIN (mm), WIND SPEED (kmh)

                                               HEAT     COOL           AVG
      MEAN                                     DEG      DEG            WIND                       DOM
DAY   TEMP    HIGH   TIME     LOW    TIME      DAYS     DAYS    RAIN   SPEED    HIGH    TIME      DIR
----------------------------------------------------------------------------------------------------------------------------------------------------------
01    25.6    29.0   19:22    20.1   23:08     00.0     07.3    06.6   07.0     20.4    16:06     WSW
04    27.1    34.9   17:02    18.7   07:01     00.0     08.8    00.0   08.9     16.7    22:33     SSW
05    28.9    36.1   16:39    21.5   05:58     00.0     10.6    00.0   08.8     13.0    17:43      SW
06    29.5    37.0   19:14    22.5   06:37     00.0     11.2    00.0   08.1     14.8    13:42      SW
07    31.9    40.6   18:14    23.1   04:46     00.0     13.6    00.0   07.8     16.7    22:22     WSW
08    31.4    37.5   17:27    25.8   06:51     00.0     13.1    00.0   07.9     16.7    20:50     SSW
09    29.4    34.1   17:12    24.8   00:00     00.0     11.1    01.1   07.0     18.5    17:36      W 
10    25.4    31.5   14:56    20.3   23:15     00.0     07.1    10.4   07.0     37.0    20:48     SSW
11    21.7    27.9   16:10    17.6   22:32     00.0     03.4    08.5   10.6     31.5    18:46     WSW
12    23.0    28.3   16:38    17.7   05:49     00.0     04.7    00.0   08.0     18.5    02:25     WSW
13    23.6    29.6   16:33    18.3   06:06     00.0     05.3    00.0   08.2     18.5    00:32     SSW
14    24.1    29.7   16:41    17.2   06:24     00.0     05.8    00.0   08.2     18.5    15:14      SW
15    26.0    32.2   18:08    19.0   07:04     00.0     07.7    00.0   08.2     20.4    03:06      SW
16    26.8    33.8   17:42    20.5   07:17     00.0     08.5    00.0   08.1     18.5    05:11      SW
17    26.9    31.3   11:54    22.0   05:17     00.0     08.6    00.0   08.3     25.9    13:09     SSW
18    25.8    31.8   17:53    20.0   07:16     00.0     07.5    00.0   08.4     24.1    02:29      SW
19    25.4    31.5   16:58    20.3   06:14     00.0     07.1    00.0   07.2     20.4    15:02      SW
20    25.7    32.0   17:54    21.1   06:11     00.0     07.4    00.0   07.9     22.2    15:39      SW
21    26.5    33.3   17:10    19.9   07:14     00.0     08.2    00.0   08.6     22.2    22:55     WSW
22    29.0    36.0   14:58    22.0   07:16     00.0     10.7    00.0   08.2     20.4    15:53      SW
23    29.1    37.7   17:22    22.1   06:18     00.0     10.8    00.0   08.3     18.5    16:55      SW
24    28.5    36.4   16:13    22.1   06:59     00.0     10.2    00.0   08.1     18.5    06:40     WSW
25    28.5    36.5   17:39    21.6   06:53     00.0     10.2    00.0   08.6     22.2    02:49     WSW
26    29.1    35.1   15:49    23.1   07:41     00.0     10.8    00.0   06.1     18.5    00:46     WSW
27    26.8    33.4   13:12    22.3   00:00     00.0     08.5    00.0   11.1     35.2    14:57      NW
28    24.9    30.0   16:53    21.3   03:07     00.0     06.6    00.0   10.2     44.4    00:42      NW
29    23.4    30.1   16:38    17.4   04:12     00.0     05.1    00.0   09.7     22.2    06:00      SW
30    23.3    30.1   15:42    17.5   07:20     00.0     05.0    00.0   08.2     16.7    22:03     WSW
31    23.6    30.2   15:39    18.0   07:18     00.0     05.3    00.0   07.9     18.5    15:21     WSW
----------------------------------------------------------------------------------------------------------------------------------------------------------
26.6 (26.8)   40.6  day 07     17.2  day 14   000.0    240.1   028.0   08.3     44.4   day 10     WSW
Max >=  30: 23
Min <=   30: 29
Max Rain: 10.4 ON 10-08-12
Days of Rain: 4 (> .2mm) 3 (> 2mm) 0 (> 20mm)