MONTHLY CLIMATOLOGICAL SUMMARY for AUG. 2013

NAME: Stenimachos   CITY: Naousa STATE: Imathia
ELEV: 140 LAT: 040:36:00 LONG: -022:07:00

                            TEMPERATURE ( C), RAIN (mm), WIND SPEED (kmh)

                                               HEAT     COOL           AVG
      MEAN                                     DEG      DEG            WIND                       DOM
DAY   TEMP    HIGH   TIME     LOW    TIME      DAYS     DAYS    RAIN   SPEED    HIGH    TIME      DIR
----------------------------------------------------------------------------------------------------------------------------------------------------------
01    27.1    32.8   19:04    21.2   07:00     00.0     08.8    00.0   07.1     22.2    16:01     WSW
02    26.8    33.0   18:47    20.8   06:55     00.0     08.5    00.0   06.5     18.5    23:46     WSW
03    27.8    34.2   15:57    21.3   06:56     00.0     09.5    00.0   07.9     25.9    15:19      SW
04    29.1    36.4   16:11    20.8   05:45     00.0     10.8    00.0   08.0     20.4    22:59      SW
05    27.3    33.4   17:04    22.6   06:59     00.0     09.0    00.0   05.3     18.5    15:26     WSW
06    26.7    34.2   18:16    20.5   07:03     00.0     08.4    00.0   05.4     22.2    16:23     WSW
07    27.9    34.8   18:43    21.4   07:04     00.0     09.6    00.0   05.6     14.8    18:13     WSW
08    27.6    34.1   18:24    21.1   06:47     00.0     09.3    00.0   07.4     20.4    22:02     WSW
09    27.4    34.5   16:13    21.1   07:22     00.0     09.1    00.0   06.4     18.5    06:03      SW
10    26.7    32.4   17:57    21.0   06:20     00.0     08.4    00.0   06.8     18.5    22:25     WSW
11    28.0    34.3   16:04    22.0   06:31     00.0     09.7    00.0   05.9     33.3    20:44     WSW
12    26.8    32.8   15:53    21.5   06:55     00.0     08.5    00.0   08.6     22.2    11:50      SW
13    27.5    34.4   17:25    21.4   05:57     00.0     09.2    00.0   07.2     16.6    17:32     WSW
14    27.8    34.6   17:51    21.8   06:52     00.0     09.5    00.0   07.5     18.5    06:11     WSW
15    28.5    34.6   17:36    22.1   06:57     00.0     10.2    00.0   07.8     25.9    21:37     WSW
16    26.8    33.2   16:29    21.6   20:49     00.0     08.5    01.4   07.7     31.4    19:53     WSW
17    26.6    33.3   16:53    20.8   06:28     00.0     08.3    00.0   06.7     18.5    22:00     WSW
18    26.2    32.5   17:43    20.3   06:25     00.0     07.9    00.0   07.1     16.6    16:13     WSW
19    26.6    32.7   17:24    20.4   07:17     00.0     08.3    00.0   06.4     18.5    13:46      SW
20    26.5    32.9   17:52    20.1   06:49     00.0     08.2    00.0   08.1     22.2    17:55      SW
21    25.6    31.2   16:26    20.6   06:35     00.0     07.3    00.0   05.3     16.6    13:26      SW
22    25.3    31.3   19:00    19.6   07:03     00.0     07.0    00.0   06.8     18.5    15:24     WSW
23    25.1    31.4   16:30    19.4   07:19     00.0     06.8    00.0   03.9     14.8    15:27      SW
24    23.9    29.2   15:53    19.7   06:51     00.0     05.6    01.9   05.7     38.9    22:08     WSW
25    24.3    30.9   15:21    18.0   07:12     00.0     06.0    00.0   06.5     20.4    02:04      SW
26    25.5    31.7   17:58    19.7   05:29     00.0     07.2    00.0   06.4     20.4    16:01      SW
27    25.7    32.1   14:14    19.9   07:06     00.0     07.4    00.0   06.9     16.6    20:01     WSW
28    23.7    30.9   13:20    20.3   06:56     00.0     05.4    00.3   07.9     37.0    15:21     WSW
29    26.1    32.4   16:33    20.9   07:50     00.0     07.8    00.0   06.8     20.4    18:13      SW
30    24.6    29.7   17:29    18.8   07:26     00.0     06.3    00.0   07.3     20.4    22:07      W 
31    23.5    28.3   16:38    19.3   00:00     00.0     05.2    00.0   07.9     24.1    12:40      SW
----------------------------------------------------------------------------------------------------------------------------------------------------------
26.4 (26.7)   36.4  day 04     18.0  day 25   000.0    251.6   003.6   06.8     38.9   day 28     WSW
Max >=  30: 28
Min <=   30: 31
Max Rain: 1.9 ON 24-08-13
Days of Rain: 3 (> .2mm) 0 (> 2mm) 0 (> 20mm)