MONTHLY CLIMATOLOGICAL SUMMARY for AUG. 2014

NAME: Stenimachos   CITY: Naousa STATE: Imathia
ELEV: 140 LAT: 040:36:00 LONG: -022:07:00

                            TEMPERATURE ( C), RAIN (mm), WIND SPEED (kmh)

                                               HEAT     COOL           AVG
      MEAN                                     DEG      DEG            WIND                       DOM
DAY   TEMP    HIGH   TIME     LOW    TIME      DAYS     DAYS    RAIN   SPEED    HIGH    TIME      DIR
----------------------------------------------------------------------------------------------------------------------------------------------------------
01    22.1    28.6   14:11    18.7   00:00     00.0     03.8    13.7   07.1     29.6    15:49     WSW
02    23.9    29.5   18:00    17.7   02:18     00.0     05.6    00.0   08.3     20.4    21:20     WSW
03    26.7    33.3   15:44    19.9   06:47     00.0     08.4    00.0   07.1     20.4    23:46     WSW
04    27.6    33.7   15:53    20.6   06:21     00.0     09.3    00.0   08.1     22.2    22:34      W 
05    27.0    32.6   15:48    22.3   07:16     00.0     08.7    00.0   08.0     25.9    22:37     WSW
06    22.8    29.6   12:57    18.2   00:00     00.0     04.5    05.4   08.1     27.8    18:12     WSW
07    23.4    29.7   14:19    18.0   06:40     00.0     05.1    06.1   06.1     18.5    21:59      SW
08    23.6    30.3   14:20    18.6   05:41     00.0     05.3    00.0   07.2     18.5    23:29     WSW
09    24.6    31.2   18:01    18.8   06:00     00.0     06.3    00.0   08.5     18.5    21:58     WSW
10    26.1    33.5   16:33    19.7   07:05     00.0     07.8    00.0   07.4     18.5    22:55     WSW
11    26.8    34.3   17:46    20.4   06:22     00.0     08.5    00.0   09.0     20.4    23:37     WSW
12    27.6    35.5   17:06    20.8   06:13     00.0     09.3    00.0   08.3     20.4    21:01      SW
13    27.5    34.7   16:17    21.1   06:59     00.0     09.2    00.0   08.3     18.5    23:44     WSW
14    27.3    33.9   16:49    21.0   06:26     00.0     09.0    00.0   07.6     18.5    01:18     WSW
15    27.6    35.1   18:43    21.5   07:21     00.0     09.3    00.0   07.4     18.5    23:49     WSW
16    27.2    34.0   17:04    21.0   07:19     00.0     08.9    00.0   08.9     20.4    04:50     WSW
17    25.2    29.9   15:51    19.8   07:14     00.0     06.9    00.0   09.5     29.6    17:07      NW
18    22.7    28.4   18:14    15.8   06:43     00.0     04.4    00.0   08.3     20.4    22:21     WSW
19    22.8    29.3   17:59    16.8   07:08     00.0     04.5    00.0   08.3     20.4    14:49     WSW
20    23.8    30.0   15:41    18.8   07:09     00.0     05.5    00.0   07.8     18.5    02:49      W 
21    25.3    31.5   18:06    19.3   07:04     00.0     07.0    00.0   06.3     16.6    02:47      W 
22    26.3    32.6   16:23    20.7   06:58     00.0     08.0    00.0   07.3     16.6    15:58     WSW
23    26.3    32.6   15:40    20.1   07:11     00.0     08.0    00.0   07.3     16.6    21:10     WSW
24    26.9    36.0   16:23    20.4   07:05     00.0     08.6    00.0   08.8     27.8    15:56      W 
25    24.9    30.3   18:10    18.9   07:33     00.0     06.6    00.0   07.3     20.4    00:18     WSW
26    24.3    29.7   17:16    21.1   07:46     00.0     06.0    00.0   06.3     14.8    03:48      W 
27    25.1    32.0   16:35    18.9   07:11     00.0     06.8    00.0   08.2     18.5    06:48     WSW
28    26.8    32.1   16:42    20.6   04:26     00.0     08.5    00.0   08.2     20.4    12:28      SW
29    23.2    26.4   00:05    20.1   08:42     00.0     04.9    00.0   05.2     16.6    02:31     WSW
30    23.7    28.2   17:02    20.8   07:18     00.0     05.4    00.0   05.2     12.9    20:50     WNW
31    23.8    29.0   16:17    19.5   07:23     00.0     05.5    00.0   06.5     20.4    15:00     WSW
----------------------------------------------------------------------------------------------------------------------------------------------------------
25.3 (25.6)   36.0  day 24     15.8  day 18   000.0    215.5   025.2   07.6     29.6   day 06     WSW
Max >=  30: 20
Min <=   30: 31
Max Rain: 13.7 ON 1-08-14
Days of Rain: 3 (> .2mm) 3 (> 2mm) 0 (> 20mm)