MONTHLY CLIMATOLOGICAL SUMMARY for AUG. 2015

NAME: Stenimachos   CITY: Naousa STATE: Imathia
ELEV: 140 LAT: 040:36:00 LONG: -022:07:00

                            TEMPERATURE ( C), RAIN (mm), WIND SPEED (kmh)

                                               HEAT     COOL           AVG
      MEAN                                     DEG      DEG            WIND                       DOM
DAY   TEMP    HIGH   TIME     LOW    TIME      DAYS     DAYS    RAIN   SPEED    HIGH    TIME      DIR
----------------------------------------------------------------------------------------------------------------------------------------------------------
01    27.1    32.4   16:55    21.8   05:38     00.0     08.8    00.0   07.1     22.2    13:33     SSW
02    27.3    31.9   15:10    22.7   06:59     00.0     09.0    00.0   06.4     18.5    15:17     WNW
03    26.9    31.9   17:30    22.1   23:16     00.0     08.6    00.5   07.0     29.6    23:01      W 
04    26.2    33.3   17:24    19.6   06:13     00.0     07.9    00.0   07.3     22.2    00:05     WSW
05    28.7    34.8   19:22    23.5   06:35     00.0     10.4    00.0   07.4     20.4    20:27     WSW
06    26.5    33.3   18:31    20.6   06:50     00.0     08.2    16.5   09.1     57.4    20:25      W 
07    26.3    33.6   15:59    20.9   06:18     00.0     08.0    02.7   08.1     44.4    22:07     WSW
08    25.5    31.8   17:00    20.7   01:38     00.0     07.2    00.0   07.0     18.5    15:08      SW
09    26.0    32.0   16:09    19.8   06:46     00.0     07.7    00.0   09.1     20.4    23:46      SW
10    26.7    33.2   16:51    20.6   06:58     00.0     08.4    00.0   07.7     18.5    22:24     WSW
11    26.6    33.1   17:43    20.1   06:48     00.0     08.3    00.0   07.8     20.4    22:15     WSW
12    28.3    34.5   15:53    22.8   08:03     00.0     10.0    00.0   08.8     18.5    17:37     WSW
13    28.0    34.3   17:07    22.5   07:06     00.0     09.7    00.0   07.7     18.5    01:38     WSW
14    27.4    33.7   15:51    22.5   06:32     00.0     09.1    00.0   08.0     27.8    16:34     WSW
15    27.1    32.9   18:32    21.4   06:45     00.0     08.8    00.0   07.6     20.4    02:46     WSW
16    26.9    32.9   17:01    21.2   06:31     00.0     08.6    00.0   07.7     27.8    19:10     WSW
17    27.3    33.8   16:30    22.5   05:30     00.0     09.0    00.0   08.0     37.0    16:06      W 
18    27.0    32.4   16:35    20.6   07:11     00.0     08.7    00.0   07.7     24.1    03:32      SW
19    26.8    32.1   16:59    20.8   07:09     00.0     08.5    00.0   07.9     20.4    02:38      SW
20    25.5    30.6   17:13    20.4   07:06     00.0     07.2    00.0   06.5     18.5    05:21     WSW
21    23.8    28.3   16:37    18.9   06:58     00.0     05.5    03.0   07.9     20.4    22:51      SW
22    19.6    22.3   18:13    17.4   00:00     00.0     01.3    15.3   04.8     18.5    23:47     WSW
23    21.3    27.3   16:58    16.0   06:18     00.0     03.0    00.0   07.9     20.4    15:05     WSW
24    23.2    29.3   17:14    18.5   04:58     00.0     04.9    00.0   07.7     20.4    22:37     WSW
25    24.2    30.2   17:18    19.2   07:10     00.0     05.9    00.0   07.7     16.6    18:17     WSW
26    24.8    30.4   17:55    19.6   06:32     00.0     06.5    00.0   08.4     20.4    15:21     WSW
27    24.7    31.2   16:10    19.2   05:12     00.0     06.4    00.0   08.5     20.4    17:10      SW
28    24.7    32.3   16:49    18.0   07:10     00.0     06.4    00.0   08.8     20.4    21:40     WSW
29    25.4    32.4   18:03    19.1   06:37     00.0     07.1    00.0   09.1     20.4    22:49     WSW
30    27.1    34.1   18:05    19.5   06:30     00.0     08.8    00.0   08.3     20.4    15:57     WSW
31    27.6    33.4   17:06    21.9   05:45     00.0     09.3    00.0   09.0     22.2    15:35     WSW
----------------------------------------------------------------------------------------------------------------------------------------------------------
26.0 (26.2)   34.8  day 05     16.0  day 23   000.0    237.2   038.0   07.8     57.4   day 06     WSW
Max >=  30: 27
Min <=   30: 31
Max Rain: 16.5 ON 6-08-15
Days of Rain: 5 (> .2mm) 4 (> 2mm) 0 (> 20mm)