MONTHLY CLIMATOLOGICAL SUMMARY for AUG. 2016

NAME: Stenimachos   CITY: Naousa STATE: Imathia
ELEV: 140 LAT: 040:36:00 LONG: -022:07:00

                            TEMPERATURE ( C), RAIN (mm), WIND SPEED (kmh)

                                               HEAT     COOL           AVG
      MEAN                                     DEG      DEG            WIND                       DOM
DAY   TEMP    HIGH   TIME     LOW    TIME      DAYS     DAYS    RAIN   SPEED    HIGH    TIME      DIR
----------------------------------------------------------------------------------------------------------------------------------------------------------
01    28.3    35.8   17:33    20.8   05:49     00.0     10.0    00.3   06.8     16.6    15:22      SW
02    27.4    34.3   16:31    21.5   04:48     00.0     09.1    00.0   06.5     16.6    06:08      SW
03    26.8    32.0   18:25    21.2   06:59     00.0     08.5    00.0   07.3     16.6    23:38      SW
04    26.6    33.2   17:48    19.8   06:53     00.0     08.3    00.0   07.5     18.5    05:00     WSW
05    28.0    35.3   17:06    22.4   01:51     00.0     09.7    00.0   06.7     20.4    14:54      SW
06    27.7    35.2   16:19    21.6   06:20     00.0     09.4    00.0   06.7     18.5    18:18      SW
07    27.9    34.6   15:51    21.6   07:11     00.0     09.6    00.0   05.6     16.6    18:48      SW
08    24.4    31.3   18:00    21.4   00:00     00.0     06.1    04.9   03.2     18.5    21:54      SW
09    24.2    30.7   16:21    19.4   07:17     00.0     05.9    02.2   05.5     16.6    23:30     WSW
10    27.2    34.0   16:17    20.6   06:35     00.0     08.9    00.0   06.3     18.5    06:20      SW
11    27.3    34.7   15:00    20.8   07:12     00.0     09.0    00.0   06.1     16.6    15:34      SW
12    24.3    30.2   15:32    19.0   07:14     00.0     06.0    00.0   07.0     24.1    14:57      N 
13    21.7    27.6   17:28    16.4   07:06     00.0     03.4    00.0   05.5     18.5    21:50      SW
14    22.3    29.1   17:11    16.8   06:24     00.0     04.0    00.0   07.5     18.5    23:28      SW
15    23.7    31.9   17:19    15.7   06:57     00.0     05.4    00.0   08.2     18.5    23:10      SW
16    25.4    33.4   16:55    18.1   06:31     00.0     07.1    00.0   07.1     16.6    03:34     WSW
17    25.2    32.4   16:11    18.3   06:58     00.0     06.9    00.0   06.5     16.6    06:30      W 
18    26.2    33.2   15:36    19.6   07:08     00.0     07.9    00.0   05.4     24.1    21:04      W 
19    24.8    30.1   17:12    19.4   07:30     00.0     06.5    00.5   05.5     18.5    04:55      W 
20    26.1    33.3   16:12    19.8   05:37     00.0     07.8    00.0   07.0     18.5    21:15     WSW
21    27.2    34.4   15:43    20.8   07:03     00.0     08.9    00.0   06.9     18.5    22:21      SW
22    24.4    32.0   12:58    20.2   23:58     00.0     06.1    07.4   09.4     40.7    19:24     WSW
23    21.2    24.6   14:41    18.6   07:14     00.0     02.9    01.9   04.8     25.9    01:29     WSW
24    23.9    31.2   17:44    17.8   07:25     00.0     05.6    00.3   04.1     20.4    04:42     WSW
25    24.7    30.4   15:22    20.4   07:05     00.0     06.4    03.3   04.7     20.4    06:15     WSW
26    24.5    30.2   17:24    19.9   08:01     00.0     06.2    00.0   05.3     18.5    20:53     WSW
27    24.1    30.1   16:19    18.1   07:23     00.0     05.8    00.0   06.9     20.4    17:21     WSW
28    24.6    31.2   16:11    18.6   05:17     00.0     06.3    00.0   07.3     18.5    23:49      W 
29    26.0    33.2   15:46    18.4   06:54     00.0     07.7    00.0   07.0     18.5    06:55     WSW
30    26.7    34.2   15:39    19.3   07:18     00.0     08.4    00.0   06.8     25.9    21:39     WSW
31    26.5    33.4   16:19    20.7   07:17     00.0     08.2    00.0   07.3     18.5    18:37      SW
----------------------------------------------------------------------------------------------------------------------------------------------------------
25.5 (25.9)   35.8  day 01     15.7  day 15   000.0    222.1   020.8   06.4     40.7   day 22     WSW
Max >=  30: 28
Min <=   30: 31
Max Rain: 7.4 ON 22-08-16
Days of Rain: 8 (> .2mm) 4 (> 2mm) 0 (> 20mm)