MONTHLY CLIMATOLOGICAL SUMMARY for AUG. 2017

NAME: Stenimachos   CITY: Naousa STATE: Imathia
ELEV: 140 LAT: 040:36:00 LONG: -022:07:00

                            TEMPERATURE ( C), RAIN (mm), WIND SPEED (kmh)

                                               HEAT     COOL           AVG
      MEAN                                     DEG      DEG            WIND                       DOM
DAY   TEMP    HIGH   TIME     LOW    TIME      DAYS     DAYS    RAIN   SPEED    HIGH    TIME      DIR
----------------------------------------------------------------------------------------------------------------------------------------------------------
01    26.8    34.5   17:12    19.9   06:52     00.0     08.5    00.0   06.6     20.4    20:45     WSW
02    27.3    35.6   16:54    20.1   06:52     00.0     09.0    00.0   06.9     20.4    06:15     WSW
03    28.2    36.6   17:32    20.9   06:42     00.0     09.9    00.0   07.7     24.1    21:44     WSW
04    28.8    37.9   16:56    21.2   07:09     00.0     10.5    00.0   08.5     22.2    22:34      SW
05    29.2    37.5   17:11    21.5   07:19     00.0     10.9    00.0   08.6     22.2    21:17     WSW
06    30.1    37.8   16:36    22.6   06:57     00.0     11.8    00.0   07.4     18.5    21:47     WSW
07    30.2    37.5   15:36    23.6   06:11     00.0     11.9    00.0   05.6     18.5    06:08     WSW
08    29.4    35.2   16:48    24.0   07:32     00.0     11.1    00.0   04.8     18.5    04:50      W 
09    29.7    36.8   17:30    23.4   07:03     00.0     11.4    00.0   07.1     20.4    14:53     WSW
10    29.5    36.3   16:59    23.7   07:08     00.0     11.2    00.0   05.9     16.6    20:39     WSW
11    29.0    35.9   17:14    22.7   07:17     00.0     10.7    00.0   06.1     18.5    04:43      W 
12    28.0    35.1   16:05    22.4   06:46     00.0     09.7    00.0   07.1     20.4    20:04      W 
13    24.4    30.1   12:48    18.8   06:53     00.0     06.1    00.0   10.2     31.4    13:27      NW
14    24.0    31.4   17:19    17.3   07:12     00.0     05.7    00.0   07.2     22.2    03:42     WSW
15    25.8    33.2   16:42    18.0   07:12     00.0     07.5    00.0   07.9     20.4    22:59     WSW
16    28.2    34.9   16:18    21.4   06:27     00.0     09.9    00.0   07.2     24.1    19:46     WSW
17    28.8    34.4   16:54    22.2   07:20     00.0     10.5    00.0   07.7     20.4    23:04     WSW
18    28.1    34.3   17:15    22.1   07:05     00.0     09.8    00.0   08.5     18.5    20:58     WSW
19    28.1    35.4   16:13    21.7   06:31     00.0     09.8    00.0   07.7     20.4    17:38      SW
20    26.9    34.3   15:52    20.7   06:28     00.0     08.6    00.0   06.0     18.5    01:20     WSW
21    23.1    27.3   14:05    19.4   00:00     00.0     04.8    11.5   04.4     18.5    21:51      W 
22    21.6    27.8   16:11    16.1   07:22     00.0     03.3    00.0   07.4     20.4    22:44      W 
23    21.6    28.9   17:22    14.5   07:14     00.0     03.3    00.0   07.4     18.5    01:04      E 
24    22.9    30.1   17:08    16.1   07:28     00.0     04.6    00.0   07.0     22.2    21:31      E 
25    22.6    30.8   16:07    15.0   07:05     00.0     04.3    00.0   08.6     22.2    22:18     WSW
26    23.3    32.0   17:46    16.3   07:28     00.0     05.0    00.0   08.3     20.4    22:12     WSW
27    24.6    34.5   17:15    16.7   07:12     00.0     06.3    00.0   08.9     20.4    04:12      SW
28    26.1    35.6   16:46    17.4   07:18     00.0     07.8    00.0   07.2     20.4    20:21     WSW
29    23.7    27.6   13:15    18.7   22:45     00.0     05.4    06.6   08.5     24.1    21:11      SW
30    21.5    27.3   16:35    17.2   00:00     00.0     03.2    11.9   05.6     18.5    16:17      SW
31    21.5    28.2   16:36    15.6   07:32     00.0     03.2    00.0   07.2     18.5    05:35     WSW
----------------------------------------------------------------------------------------------------------------------------------------------------------
26.2 (26.5)   37.9  day 04     14.5  day 23   000.0    245.8   030.0   07.3     31.5   day 13     WSW
Max >=  30: 25
Min <=   30: 31
Max Rain: 11.9 ON 30-08-17
Days of Rain: 3 (> .2mm) 3 (> 2mm) 0 (> 20mm)