MONTHLY CLIMATOLOGICAL SUMMARY for AUG. 2020 NAME: Stenimachos CITY: Naousa STATE: Imathia ELEV: 140 LAT: 040:36:00 LONG: -022:07:00 TEMPERATURE ( °C), RAIN (mm), WIND SPEED (kmh) HEAT COOL AVG MEAN DEG DEG WIND DOM DAY TEMP HIGH TIME LOW TIME DAYS DAYS RAIN SPEED HIGH TIME DIR -------------------------------------------------------------------------------------------------------- 01 30.2 36.3 17:14 24.7 05:17 00.0 11.9 00.0 05.4 25.9 14:44 W 02 27.9 34.0 16:32 21.3 06:25 00.0 09.6 00.0 05.0 22.2 13:28 W 03 26.0 32.6 17:09 20.6 06:52 00.0 07.7 00.0 04.2 20.4 17:44 WSW 04 26.0 31.6 17:53 21.1 06:54 00.0 07.7 00.0 01.7 14.8 15:37 NW 05 23.6 28.4 14:03 19.8 00:00 00.0 05.3 11.1 02.5 20.4 21:13 W 06 20.0 22.1 09:58 18.3 23:30 00.0 01.7 50.0 03.3 24.1 14:14 W 07 22.3 29.3 15:54 17.7 02:02 00.0 04.0 00.0 03.6 20.4 14:28 W 08 24.2 31.7 16:59 19.6 01:56 00.0 05.9 23.1 04.8 29.6 19:55 W 09 25.7 32.9 17:07 19.3 05:24 00.0 07.4 00.6 04.4 20.4 22:28 W 10 26.6 33.3 16:28 21.1 05:53 00.0 08.3 00.0 05.4 20.4 23:08 WSW 11 26.3 33.6 15:53 20.1 06:20 00.0 08.0 00.0 06.3 22.2 21:20 WSW 12 27.2 34.0 17:03 20.4 06:54 00.0 08.9 00.0 05.1 20.4 21:28 WSW 13 26.4 32.4 17:12 20.7 06:59 00.0 08.1 00.0 05.5 20.4 14:26 WSW 14 25.9 32.4 16:32 19.7 07:06 00.0 07.6 00.0 04.3 16.6 17:23 WSW 15 24.3 30.2 15:45 20.1 00:00 00.0 06.0 12.7 02.5 20.4 20:58 WNW 16 23.5 29.4 17:40 18.3 06:03 00.0 05.2 00.0 05.2 16.6 21:13 WSW 17 23.8 27.4 15:50 21.3 00:00 00.0 05.5 14.2 01.4 14.8 20:31 WNW 18 24.4 30.6 15:40 19.1 06:43 00.0 06.1 01.0 03.4 14.8 15:53 WSW 19 24.5 31.0 17:16 19.2 00:00 00.0 06.2 04.1 03.5 27.8 19:22 WSW 20 24.2 30.9 15:55 17.5 04:00 00.0 05.9 00.0 06.5 22.2 20:37 W 21 25.8 31.8 16:39 19.6 06:21 00.0 07.5 00.0 05.9 20.4 23:57 W 22 26.6 33.3 17:13 20.5 06:02 00.0 08.3 00.0 05.2 18.5 00:07 WSW 23 26.4 33.2 15:57 20.5 07:08 00.0 08.1 00.0 05.6 18.5 21:22 WSW 24 26.1 33.0 16:52 20.0 06:34 00.0 07.8 00.0 05.8 18.5 21:18 WSW 25 23.8 29.1 14:27 18.8 00:00 00.0 05.5 08.6 03.8 24.1 20:45 W 26 22.7 29.8 17:28 17.0 07:00 00.0 04.4 00.0 05.8 20.4 04:10 WSW 27 24.8 32.3 16:38 18.7 07:01 00.0 06.5 00.0 06.2 18.5 22:40 WSW 28 25.4 33.0 16:37 18.9 07:10 00.0 07.1 00.0 05.5 18.5 22:41 WSW 29 26.0 34.0 16:13 19.0 07:04 00.0 07.7 00.0 06.5 18.5 23:42 WSW 30 26.5 34.7 16:20 18.9 06:33 00.0 08.2 00.0 06.3 20.4 00:50 W 31 27.5 36.7 16:04 20.2 06:25 00.0 09.2 00.0 06.6 22.2 20:46 WSW -------------------------------------------------------------------------------------------------------- 25.3 (25.8) 36.7 day 31 17.0 day 26 000.0 217.6 125.4 04.8 29.6 day 08 W Max >= 30: 24 Min <= 30: 31 Max Rain: 50.0 ON 6-08-20 Days of Rain: 9 (> .2mm) 7 (> 2mm) 2 (> 20mm)