MONTHLY CLIMATOLOGICAL SUMMARY for AUG. 2022 NAME: Stenimachos CITY: Naousa STATE: Imathia ELEV: 140 LAT: 040:36:00 LONG: -022:07:00 TEMPERATURE ( °C), RAIN (mm), WIND SPEED (kmh) HEAT COOL AVG MEAN DEG DEG WIND DOM DAY TEMP HIGH TIME LOW TIME DAYS DAYS RAIN SPEED HIGH TIME DIR -------------------------------------------------------------------------------------------------------- 01 28.0 33.8 17:41 23.1 07:53 00.0 09.7 00.0 04.6 20.4 23:53 WNW 02 29.1 35.3 17:52 23.0 06:59 00.0 10.8 00.0 06.0 22.2 16:47 NW 03 27.8 33.8 17:13 20.9 07:02 00.0 09.5 00.0 05.0 18.5 06:43 W 04 27.6 34.7 17:35 21.0 07:08 00.0 09.3 00.0 05.2 18.5 03:04 WSW 05 28.3 35.5 17:02 21.0 05:19 00.0 10.0 00.0 06.1 18.5 23:22 WSW 06 29.1 36.0 17:01 22.4 07:02 00.0 10.8 00.0 04.5 20.4 17:43 WSW 07 27.2 35.3 14:57 22.2 22:58 00.0 08.9 05.5 07.4 38.9 16:52 WSW 08 27.4 34.3 17:33 20.1 06:52 00.0 09.1 03.0 07.4 24.1 00:56 WSW 09 27.8 35.1 16:17 21.0 04:44 00.0 09.5 00.0 06.6 18.5 21:44 W 10 27.9 35.0 18:09 22.1 05:22 00.0 09.6 00.0 05.3 20.4 04:49 W 11 26.0 32.3 16:11 19.8 07:12 00.0 07.7 05.0 06.6 38.9 21:16 W 12 23.3 29.0 16:30 18.9 07:03 00.0 05.0 00.0 05.3 22.2 03:10 WSW 13 23.5 27.5 18:29 20.2 08:28 00.0 05.2 00.5 02.9 18.5 20:59 W 14 21.6 25.3 13:19 18.4 00:00 00.0 03.3 02.2 05.0 24.1 12:16 WSW 15 24.3 31.6 16:46 17.0 07:25 00.0 06.0 00.0 05.9 20.4 03:17 WSW 16 24.5 33.8 15:54 18.9 07:17 00.0 06.2 08.5 06.1 38.9 18:12 WSW 17 26.3 34.7 17:52 18.0 05:54 00.0 08.0 00.3 06.3 22.2 15:09 WSW 18 29.6 36.8 17:08 22.7 07:22 00.0 11.3 00.0 07.0 20.4 15:55 WSW 19 30.0 37.0 17:28 23.2 07:36 00.0 11.7 00.0 06.1 20.4 14:05 WSW 20 26.5 31.9 16:26 21.8 00:00 00.0 08.2 00.9 04.3 27.8 20:00 WNW 21 23.9 29.8 16:15 19.8 06:46 00.0 05.6 02.4 04.4 29.6 22:45 W 22 22.5 29.5 14:04 18.8 07:33 00.0 04.2 05.7 04.9 24.1 16:30 WSW 23 22.4 30.6 15:00 17.7 07:16 00.0 04.1 02.8 06.5 25.9 16:10 WSW 24 21.6 26.3 17:57 19.0 00:00 00.0 03.3 14.8 05.8 40.7 11:00 WSW 25 23.0 29.5 17:06 18.7 07:52 00.0 04.7 05.0 04.9 25.9 08:18 WSW 26 25.0 31.5 18:16 19.6 07:42 00.0 06.7 00.8 04.4 20.4 21:32 WSW 27 24.9 32.4 17:34 18.9 07:14 00.0 06.6 00.0 06.4 22.2 21:04 WSW 28 25.2 31.8 16:42 19.2 07:30 00.0 06.9 00.0 07.0 22.2 19:04 WSW 29 26.0 32.0 18:34 19.6 07:38 00.0 07.7 00.0 06.6 27.8 22:11 WSW 30 24.7 31.2 15:55 20.2 06:37 00.0 06.4 00.0 04.8 20.4 18:26 W 31 24.4 30.7 15:12 18.4 07:40 00.0 06.1 00.0 06.2 22.2 17:03 WSW -------------------------------------------------------------------------------------------------------- 25.8 (26.3) 37.0 day 19 17.0 day 15 000.0 232.0 057.4 05.7 40.7 day 16 W Max >= 30: 24 Min <= 30: 31 Max Rain: 14.8 ON 24-08-22 Days of Rain: 14 (> .2mm) 10 (> 2mm) 0 (> 20mm)