MONTHLY CLIMATOLOGICAL SUMMARY for AUG. 2023 NAME: Stenimachos CITY: Naousa STATE: Imathia ELEV: 140 LAT: 040:36:00 LONG: -022:07:00 TEMPERATURE ( °C), RAIN (mm), WIND SPEED (kmh) HEAT COOL AVG MEAN DEG DEG WIND DOM DAY TEMP HIGH TIME LOW TIME DAYS DAYS RAIN SPEED HIGH TIME DIR -------------------------------------------------------------------------------------------------------- 01 26.5 32.7 17:22 19.8 06:55 00.0 08.2 00.0 05.5 20.4 14:16 SW 02 27.5 33.4 15:38 21.4 07:18 00.0 09.2 00.0 04.6 20.4 16:45 WSW 03 28.2 35.2 16:58 21.4 07:14 00.0 09.9 00.0 05.1 16.6 16:21 WSW 04 28.9 36.7 17:42 21.3 06:52 00.0 10.6 00.0 05.4 16.6 17:09 WSW 05 27.0 34.8 16:08 20.9 07:07 00.0 08.7 16.1 06.5 37.0 19:14 WSW 06 25.4 32.4 17:57 19.0 05:47 00.0 07.1 00.0 06.6 33.3 21:38 WNW 07 26.1 32.5 17:22 18.8 07:20 00.0 07.8 00.0 05.6 35.1 00:24 SW 08 24.4 30.3 17:08 19.0 07:22 00.0 06.1 00.0 06.3 20.4 11:59 W 09 22.8 29.3 17:49 15.4 07:27 00.0 04.5 00.0 05.1 16.6 17:57 WSW 10 21.2 24.2 11:50 17.6 23:05 00.0 02.9 05.2 04.3 22.2 12:12 WSW 11 22.8 29.5 17:21 16.0 06:36 00.0 04.5 00.0 06.5 20.4 20:15 W 12 25.1 31.2 16:15 20.0 07:51 00.0 06.8 00.0 04.2 16.6 23:31 W 13 26.1 31.6 18:29 20.6 07:21 00.0 07.8 00.0 04.9 18.5 20:54 WSW 14 26.0 31.7 19:23 21.7 04:57 00.0 07.7 00.0 04.7 16.6 23:11 W 15 26.3 33.3 17:28 20.1 07:44 00.0 08.0 00.8 06.8 37.0 04:33 WSW 16 27.6 35.1 16:04 20.0 07:24 00.0 09.3 00.0 05.7 20.4 22:26 WSW 17 28.3 35.5 17:21 21.6 07:23 00.0 10.0 00.0 05.2 18.5 20:50 WSW 18 29.0 36.1 18:04 22.3 07:29 00.0 10.7 00.0 05.6 18.5 23:56 WSW 19 28.6 35.7 16:07 22.0 07:20 00.0 10.3 00.0 05.0 18.5 04:05 WSW 20 28.0 35.2 16:24 21.2 05:37 00.0 09.7 00.0 06.6 22.2 15:24 WSW 21 30.0 37.7 18:54 23.2 02:42 00.0 11.7 00.0 05.5 27.8 21:24 WSW 22 30.5 37.0 18:57 24.2 04:50 00.0 12.2 00.0 06.1 24.1 22:14 WSW 23 28.6 35.6 16:47 22.9 07:37 00.0 10.3 00.0 05.4 22.2 01:47 W 24 27.6 36.5 15:52 20.3 07:29 00.0 09.3 02.5 06.7 38.9 03:43 WSW 25 28.4 35.9 17:07 21.4 06:56 00.0 10.1 00.0 06.1 24.1 14:14 WSW 26 28.8 36.5 16:25 22.7 00:00 00.0 10.5 00.0 04.9 27.8 20:28 WSW 27 27.5 35.4 17:50 20.3 07:38 00.0 09.2 00.0 04.8 16.6 16:43 WSW 28 27.1 33.6 16:39 20.5 07:35 00.0 08.8 00.0 04.0 18.5 04:09 WSW 29 24.5 30.2 17:27 20.7 07:10 00.0 06.2 00.0 04.3 18.5 22:18 W 30 25.6 32.2 16:12 18.1 07:27 00.0 07.3 00.0 05.8 33.3 20:26 WSW 31 25.6 31.9 16:23 19.2 07:29 00.0 07.3 00.0 04.1 24.1 15:21 WNW -------------------------------------------------------------------------------------------------------- 26.8 (27.0) 37.7 day 21 15.4 day 09 000.0 263.0 024.6 05.4 38.9 day 15 WSW Max >= 30: 28 Min <= 30: 31 Max Rain: 16.1 ON 5-08-23 Days of Rain: 4 (> .2mm) 3 (> 2mm) 0 (> 20mm)