MONTHLY CLIMATOLOGICAL SUMMARY for SEP. 2009

NAME: Stenimachos   CITY: Naoussa STATE: Imathia
ELEV: 140 LAT: 040:36:14 LONG: 0022:07:25

                            TEMPERATURE ( C), RAIN (mm), WIND SPEED (kmh)

                                                 HEAT     COOL           AVG
      MEAN                                       DEG      DEG            WIND                        DOM
DAY   TEMP    HIGH   TIME      LOW     TIME      DAYS     DAYS   RAIN    SPEED    HIGH    TIME       DIR
----------------------------------------------------------------------------------------------------------------------------------------------------------
01    24.2    29.0   16:55    19.7   06:28     00.0     05.9    00.0   06.4     18.5    15:02      SW
02    23.2    28.7   16:03    18.6   06:23     00.0     04.9    00.0   07.1     18.5    17:11      W 
03    23.8    29.9   16:31    18.2   06:34     00.0     05.5    00.0   07.5     22.2    14:26      W 
04    24.7    31.6   17:08    18.8   06:58     00.0     06.4    00.0   07.7     18.5    15:57     WSW
05    25.7    33.0   16:47    19.7   06:07     00.0     07.4    00.0   07.7     16.6    15:40     WSW
06    20.5    23.9   00:06    17.8   00:00     00.0     02.2    02.0   06.0     20.4    02:49     WSW
07    19.1    22.2   11:49    15.4   07:45     00.0     00.8    00.0   07.5     24.1    20:16      NW
08    20.1    24.3   15:27    14.5   07:17     00.0     01.8    00.0   07.4     27.8    10:47     WNW
09    20.8    25.1   14:58    16.7   06:20     00.0     02.5    00.0   06.2     16.6    21:40     WSW
10    22.0    27.3   18:12    16.9   07:40     00.0     03.7    00.0   08.1     20.4    15:09     WSW
11    22.1    25.9   13:37    19.4   04:55     00.0     03.8    00.0   05.7     18.5    22:17     WSW
12    19.4    21.2   10:48    17.2   20:42     00.0     01.1    01.9   08.3     24.1    21:21      W 
13    19.5    24.7   14:04    16.6   05:23     00.0     01.2    05.7   07.0     24.1    16:22      W 
14    17.5    18.6   10:10    16.5   06:56     00.8     00.0    00.5   06.4     16.6    19:00      W 
15    20.9    26.1   16:45    16.5   07:27     00.0     02.6    00.0   06.9     20.4    15:29     WSW
16    21.4    27.2   15:26    16.3   07:35     00.0     03.1    00.0   07.1     16.6    06:36     WSW
17    20.1    22.2   15:37    18.2   00:00     00.0     01.8    01.4   04.1     14.8    23:58     WNW
18    20.5    26.6   16:39    15.8   07:33     00.0     02.2    00.6   06.6     22.2    18:06      W 
19    19.5    22.5   14:51    17.9   07:30     00.0     01.2    00.3   05.7     16.6    14:16     WSW
20    19.3    23.1   16:19    15.8   06:48     00.0     01.0    00.0   05.8     18.5    15:05     WSW
21    19.1    23.7   15:23    15.8   00:00     00.0     00.8    00.0   05.8     18.5    17:05     WNW
22    18.7    24.4   17:16    15.0   01:25     00.0     00.4    00.0   06.8     22.2    22:05      W 
23    18.8    25.4   17:08    13.3   06:29     00.0     00.5    00.0   08.4     18.5    22:18     WSW
24    19.4    25.0   17:04    14.1   07:25     00.0     01.1    00.0   07.4     18.5    07:29     WSW
26    21.1    25.3   15:31    16.8   08:07     00.0     02.8    00.0   07.2     25.9    15:34     WSW
27    19.6    24.3   15:49    15.6   23:31     00.0     01.3    00.0   07.5     24.1    13:28     WSW
28    18.8    23.7   17:13    15.8   08:13     00.0     00.5    00.0   06.4     18.5    22:14      W 
29    19.0    26.2   17:13    12.6   07:39     00.0     00.7    00.0   07.9     20.4    01:37     WSW
30    21.6    28.2   17:28    16.2   08:05     00.0     03.3    00.0   07.6     18.5    23:05     WSW
----------------------------------------------------------------------------------------------------------------------------------------------------------
20.7 (21.1)   33.0  day 05     12.6  day 29   000.8    070.2   012.2   06.9     27.8   day 12     WSW
Max >=  30: 2
Min <=   30: 29
Max Rain: 5.7 ON 13-09-09
Days of Rain: 7 (> .2mm) 1 (> 2mm) 0 (> 20mm)