MONTHLY CLIMATOLOGICAL SUMMARY for SEP. 2010

NAME: Stenimachos   CITY: Naoussa STATE: Imathia
ELEV: 140 LAT: 040:36:14 LONG: 0022:07:25

                            TEMPERATURE ( C), RAIN (mm), WIND SPEED (kmh)

                                                 HEAT     COOL           AVG
      MEAN                                       DEG      DEG            WIND                        DOM
DAY   TEMP    HIGH   TIME      LOW     TIME      DAYS     DAYS   RAIN    SPEED    HIGH    TIME       DIR
----------------------------------------------------------------------------------------------------------------------------------------------------------
01    20.1    25.8   15:29    13.3   07:09     00.0     01.8    00.0   07.2     24.1    21:37     WNW
02    19.4    25.6   16:48    13.1   07:30     00.0     01.1    00.0   09.0     20.4    17:51      SW
03    20.2    25.5   15:24    14.0   06:10     00.0     01.9    00.0   07.7     20.4    02:20     WSW
04    18.1    20.5   02:31    16.6   00:00     00.2     00.0    11.5   05.5     20.4    00:18     WNW
05    19.7    25.3   16:12    15.3   03:46     00.0     01.4    00.0   06.9     20.4    22:12     WSW
06    20.3    25.6   17:24    15.5   05:32     00.0     02.0    00.0   07.5     18.5    00:19      SW
07    21.3    27.1   16:47    15.8   07:22     00.0     03.0    00.0   07.9     16.6    16:08     WSW
08    22.3    28.1   16:28    17.8   07:16     00.0     04.0    00.0   07.1     16.6    17:18     WSW
09    23.2    29.3   16:15    18.0   07:00     00.0     04.9    00.0   07.1     16.6    19:10      SW
10    22.8    26.9   16:26    18.2   07:27     00.0     04.5    00.0   07.3     16.6    20:24      SW
11    19.9    21.6   15:37    18.2   08:31     00.0     01.6    15.2   05.5     14.8    21:48      W 
12    19.0    21.3   16:27    17.2   07:04     00.0     00.7    02.2   06.7     16.6    02:03     WSW
13    20.2    25.6   17:22    15.3   05:28     00.0     01.9    00.0   06.6     16.6    22:24     WSW
14    20.5    27.0   17:27    15.1   05:10     00.0     02.2    00.0   08.4     20.4    21:12     WSW
15    21.5    28.0   17:00    15.8   07:28     00.0     03.2    00.0   08.0     18.5    21:28      SW
16    21.7    28.4   17:14    16.1   07:31     00.0     03.4    00.0   08.1     18.5    22:17      SW
17    22.5    30.6   15:12    16.1   05:29     00.0     04.2    00.0   07.9     18.5    06:34     WSW
18    22.8    31.6   16:31    16.6   05:51     00.0     04.5    00.0   08.1     18.5    19:48      SW
19    23.1    30.8   15:18    16.9   07:18     00.0     04.8    00.0   07.5     18.5    01:28      SW
20    23.0    27.8   15:26    17.5   00:00     00.0     04.7    00.0   06.7     18.5    16:50     SSW
21    18.9    24.3   16:46    14.3   07:31     00.0     00.6    00.0   07.9     20.4    23:40      SW
22    19.9    25.5   15:26    16.0   02:27     00.0     01.6    00.0   06.9     20.4    21:10     WSW
23    20.0    25.4   17:11    15.4   07:52     00.0     01.7    00.0   07.6     24.1    14:26      SW
24    19.4    23.2   13:47    15.8   02:31     00.0     01.1    00.0   05.4     18.5    16:17     WSW
25    17.8    18.9   02:04    16.9   14:39     00.5     00.0    03.6   03.5     11.1    03:34      NW
26    21.8    28.2   14:49    17.6   06:16     00.0     03.5    00.8   06.7     27.8    17:10     WSW
27    21.6    27.6   15:14    16.2   07:50     00.0     03.3    00.0   07.7     27.8    22:30     WSW
28    21.8    26.5   16:22    17.9   06:30     00.0     03.5    00.0   05.3     20.4    02:27     WSW
29    18.9    20.8   00:37    16.0   23:32     00.0     00.6    04.6   05.1     20.4    21:14     WSW
30    16.8    21.5   17:37    11.7   07:13     01.5     00.0    00.0   09.3     09.3    23:49      SW
----------------------------------------------------------------------------------------------------------------------------------------------------------
20.6 (20.9)   31.6  day 18     11.7  day 30   002.2    071.8   037.5   18.5     27.8   day 27     WSW
Max >=  30: 3
Min <=   30: 30
Max Rain: 15.2 ON 11-09-10
Days of Rain: 6 (> .2mm) 5 (> 2mm) 0 (> 20mm)