MONTHLY CLIMATOLOGICAL SUMMARY for SEP. 2011

NAME: Stenimachos   CITY: Naousa STATE: Imathia
ELEV: 140 LAT: 040:36:00 LONG: -022:07:00

                            TEMPERATURE ( C), RAIN (mm), WIND SPEED (kmh)

                                               HEAT     COOL           AVG
      MEAN                                     DEG      DEG            WIND                       DOM
DAY   TEMP    HIGH   TIME     LOW    TIME      DAYS     DAYS    RAIN   SPEED    HIGH    TIME      DIR
----------------------------------------------------------------------------------------------------------------------------------------------------------
01    25.6    33.0   16:13    18.7   06:20     00.0     07.3    00.0   08.8     18.5    02:09      SW
02    26.4    34.1   17:44    20.1   07:20     00.0     08.1    01.4   07.8     20.4    22:36     WSW
03    26.5    33.0   16:04    21.0   07:13     00.0     08.2    00.0   08.9     20.4    21:34     WSW
04    24.7    30.3   17:10    19.8   07:09     00.0     06.4    00.0   07.4     20.4    14:01     WSW
05    24.6    30.5   17:18    19.1   07:28     00.0     06.3    00.0   07.2     16.6    15:47     WSW
06    23.9    28.5   17:44    19.0   00:00     00.0     05.6    08.8   06.0     24.1    21:44      W 
07    21.1    25.0   16:24    18.4   05:51     00.0     02.8    00.5   06.1     18.5    23:36     SSW
08    23.5    30.5   16:51    17.6   07:09     00.0     05.2    00.0   08.4     16.6    21:48      SW
09    25.1    32.6   16:00    18.7   05:42     00.0     06.8    00.0   08.3     20.4    23:04     WSW
11    24.7    30.2   16:13    18.5   08:07     00.0     06.4    00.0   08.6     25.9    11:23     SSW
12    24.1    30.3   15:15    20.1   07:44     00.0     05.8    00.0   06.4     16.6    15:14     WSW
13    25.7    33.1   16:32    19.8   05:40     00.0     07.4    00.0   07.9     18.5    20:21      SW
14    26.0    33.2   16:31    20.1   07:13     00.0     07.7    00.0   08.7     18.5    21:08     WSW
15    26.0    34.0   16:31    17.9   07:20     00.0     07.7    00.0   08.6     18.7    22:08     WSW
16    27.8    32.4   16:18    17.5   08:00     00.0     09.5    00.0   07.4     18.5    20:57     WSW
17    25.2    32.2   15:22    19.6   07:36     00.0     06.9    00.0   09.1     20.4    06:06      SW
18    24.1    30.0   15:07    19.7   07:37     00.0     05.8    00.0   08.4     18.5    16:25     WSW
19    23.1    27.6   15:19    18.2   07:21     00.0     04.8    00.6   07.1     18.5    15:52     NNW
20    19.7    22.5   14:43    15.2   00:00     00.0     01.4    133.8   05.6     33.3    21:56      W 
21    16.4    19.9   16:50    14.5   03:47     01.9     00.0    19.6   08.0     18.5    22:49     WSW
22    20.6    25.4   18:07    17.3   04:21     00.0     02.3    00.3   08.1     18.5    23:11     WSW
23    20.5    26.6   16:14    15.4   06:28     00.0     02.2    00.0   09.2     22.2    19:52      SW
24    21.3    28.1   15:51    15.7   07:18     00.0     03.0    00.0   08.4     18.5    20:04     WSW
25    23.3    27.4   16:41    18.5   23:23     00.0     05.0    00.0   07.9     18.5    23:41     WSW
26    19.8    25.0   14:10    15.6   07:19     00.0     01.5    00.0   07.8     18.5    20:25      SW
27    18.5    24.5   14:05    16.1   07:38     00.0     00.2    00.0   07.2     18.5    21:01     WSW
28    20.3    25.5   16:01    14.0   07:45     00.0     02.0    00.0   07.1     18.5    21:09     WSW
29    19.5    26.6   16:18    13.6   07:24     00.0     01.2    00.0   09.2     20.4    21:52     WSW
30    20.0    26.1   15:57    14.5   07:09     00.0     01.7    00.0   08.3     18.5    21:04     WSW
----------------------------------------------------------------------------------------------------------------------------------------------------------
22.4 (22.4)   34.1  day 02     14.5  day 21   001.9    047.5   160.9   07.9     33.3   day 20     WSW
Max >=  30: 3
Min <=   30: 15
Max Rain: 133.8 ON 20-09-11
Days of Rain: 4 (> .2mm) 2 (> 2mm) 1 (> 20mm)