MONTHLY CLIMATOLOGICAL SUMMARY for SEP. 2012

NAME: Stenimachos   CITY: Naousa STATE: Imathia
ELEV: 140 LAT: 040:36:00 LONG: -022:07:00

                            TEMPERATURE ( C), RAIN (mm), WIND SPEED (kmh)

                                               HEAT     COOL           AVG
      MEAN                                     DEG      DEG            WIND                       DOM
DAY   TEMP    HIGH   TIME     LOW    TIME      DAYS     DAYS    RAIN   SPEED    HIGH    TIME      DIR
----------------------------------------------------------------------------------------------------------------------------------------------------------
01    23.7    30.9   16:15    17.7   07:23     00.0     05.4    00.0   08.2     18.5    17:09     WSW
02    23.4    30.5   16:23    17.6   06:43     00.0     05.1    00.0   08.5     20.4    17:45      SW
03    23.3    29.9   16:38    17.2   07:08     00.0     05.0    00.0   08.4     20.4    13:34     WSW
04    23.3    30.4   17:17    16.9   07:20     00.0     05.0    00.0   08.0     18.5    06:01     WSW
05    24.1    30.9   16:52    18.3   07:14     00.0     05.8    00.0   07.4     18.5    16:19     WSW
06    23.7    31.2   15:28    18.1   07:23     00.0     05.4    14.1   07.4     31.5    21:23     WSW
07    23.7    30.4   15:28    18.4   06:39     00.0     05.4    00.0   09.8     22.2    01:46     WSW
08    24.2    28.9   17:08    19.1   07:43     00.0     05.9    00.0   07.6     20.4    22:55      SW
09    23.7    30.9   17:21    16.5   07:00     00.0     05.4    00.0   08.2     20.4    20:57      SW
10    23.1    28.4   16:02    18.6   07:29     00.0     04.8    00.0   08.4     27.8    14:44      SW
11    21.7    27.5   16:23    16.8   07:37     00.0     03.4    00.0   07.7     22.2    15:59     WSW
12    22.2    27.5   18:10    17.2   07:53     00.0     03.9    00.0   06.5     18.5    14:51      W 
13    21.3    26.2   16:02    16.6   07:39     00.0     03.0    00.0   06.7     20.4    17:42     WNW
14    19.7    22.6   13:31    17.6   23:19     00.0     01.4    14.5   05.1     20.4    14:31      W 
15    19.2    21.5   17:10    17.7   00:04     00.0     00.9    25.6   03.8     24.1    18:21      NW
16    18.3    20.1   18:08    17.0   00:00     00.0     00.0    01.9   05.2     16.7    20:57     WSW
17    19.2    23.4   17:11    16.8   08:32     00.0     00.9    06.5   06.2     16.7    21:54     WSW
18    21.6    26.7   17:16    18.2   08:04     00.0     03.3    00.0   06.4     16.7    20:23     WSW
19    21.1    25.6   16:54    17.1   07:43     00.0     02.8    00.0   06.3     14.8    23:40     WSW
20    20.1    25.5   15:00    15.8   00:00     00.0     01.8    00.0   06.5     27.8    16:23      W 
21    16.6    21.8   16:23    12.9   06:26     01.7     00.0    00.0   10.1     40.7    00:19      NW
22    15.7    23.1   17:11    09.5   07:05     02.6     00.0    00.0   08.9     20.4    23:35     WSW
23    18.5    26.5   17:14    12.0   07:37     00.0     00.2    00.0   08.6     16.7    23:22     WSW
24    19.8    27.6   16:23    14.1   07:19     00.0     01.5    00.0   08.4     20.4    02:33     WSW
25    21.7    29.6   15:45    16.1   04:07     00.0     03.4    00.0   07.4     22.2    20:55     WSW
26    25.0    32.6   15:55    19.6   02:55     00.0     06.7    00.0   08.1     22.2    19:35      W 
27    24.6    31.6   15:38    19.2   07:43     00.0     06.3    00.0   08.0     18.5    21:45     WSW
28    24.4    32.6   17:08    18.1   06:15     00.0     06.1    00.0   09.5     22.2    20:41     WSW
29    24.8    32.6   17:10    19.7   07:43     00.0     06.5    00.0   08.8     18.5    20:41     WSW
30    24.8    32.6   16:02    18.9   07:05     00.0     06.5    00.0   08.0     20.4    19:36     WSW
----------------------------------------------------------------------------------------------------------------------------------------------------------
21.9 (22.5)   32.6  day 30     09.5  day 22   004.3    112.0   062.7   07.6     40.7   day 21     WSW
Max >=  30: 12
Min <=   30: 30
Max Rain: 25.6 ON 15-09-12
Days of Rain: 5 (> .2mm) 4 (> 2mm) 1 (> 20mm)