MONTHLY CLIMATOLOGICAL SUMMARY for SEP. 2014

NAME: Stenimachos   CITY: Naousa STATE: Imathia
ELEV: 140 LAT: 040:36:00 LONG: -022:07:00

                            TEMPERATURE ( C), RAIN (mm), WIND SPEED (kmh)

                                               HEAT     COOL           AVG
      MEAN                                     DEG      DEG            WIND                       DOM
DAY   TEMP    HIGH   TIME     LOW    TIME      DAYS     DAYS    RAIN   SPEED    HIGH    TIME      DIR
----------------------------------------------------------------------------------------------------------------------------------------------------------
01    22.8    27.0   14:54    18.8   07:21     00.0     04.5    00.3   06.5     16.6    19:56      W 
02    20.3    21.2   14:28    19.2   00:00     00.0     02.0    18.6   03.4     14.8    15:53      W 
03    20.3    23.6   17:47    17.5   07:42     00.0     02.0    10.1   04.1     20.4    14:51      W 
04    20.8    25.7   16:19    17.2   05:57     00.0     02.5    05.7   07.6     27.8    19:28      W 
05    20.7    24.3   12:18    17.2   06:29     00.0     02.4    02.8   07.5     18.5    21:19     WSW
06    21.5    25.2   15:27    18.3   00:00     00.0     03.2    35.5   04.4     14.8    22:33     WSW
07    20.3    24.8   16:03    18.3   00:17     00.0     02.0    04.9   04.3     18.5    16:13     WSW
08    20.2    25.4   14:10    16.6   05:41     00.0     01.9    04.4   06.9     20.4    16:45     WSW
09    19.9    24.5   16:54    16.1   06:21     00.0     01.6    00.0   08.2     18.5    22:35     WSW
10    21.2    26.4   15:29    17.0   07:24     00.0     02.9    00.0   08.1     18.5    22:03     WSW
11    21.5    25.1   14:48    17.9   08:00     00.0     03.2    01.4   06.4     16.6    07:19      W 
12    21.8    26.8   14:09    17.4   07:32     00.0     03.5    00.0   06.7     16.6    06:46      W 
13    21.8    27.0   15:54    18.3   07:16     00.0     03.5    00.3   07.3     18.5    21:50     WSW
14    21.3    26.2   14:59    18.4   05:47     00.0     03.0    03.0   06.4     16.6    19:55     WSW
15    20.8    24.7   16:37    18.5   07:32     00.0     02.5    06.0   02.7     14.8    16:30      W 
16    19.9    24.2   16:08    16.4   07:57     00.0     01.6    00.0   06.9     16.6    23:16      SW
17    18.8    23.5   15:12    16.3   08:22     00.0     00.5    04.7   07.1     20.4    16:40     WSW
18    17.2    20.1   18:34    14.7   00:00     01.1     00.0    16.0   05.5     20.4    23:37     WSW
19    18.6    24.3   15:37    13.5   07:41     00.0     00.3    00.0   07.7     18.5    03:20     WSW
20    19.7    23.4   15:29    16.1   08:00     00.0     01.4    00.0   06.2     14.8    20:42     WSW
21    21.4    27.3   14:33    17.2   07:56     00.0     03.1    00.0   05.4     18.5    22:52     WSW
22    22.3    27.2   16:24    19.2   02:29     00.0     04.0    00.8   05.5     24.1    23:52     WSW
23    19.5    26.7   12:52    11.7   23:44     00.0     01.2    00.0   09.3     31.4    16:06      NW
24    14.5    21.0   17:49    09.1   07:47     03.8     00.0    00.0   07.8     20.4    22:04     WSW
25    15.8    19.6   13:41    10.9   07:35     02.5     00.0    00.0   06.3     18.5    03:04     WSW
26    16.0    18.2   13:06    14.0   21:59     02.3     00.0    00.8   06.2     20.4    13:19      W 
27    16.8    19.7   14:02    14.0   08:08     01.5     00.0    00.0   09.8     37.0    11:39     NNW
28    17.4    22.6   16:51    13.3   08:13     00.9     00.0    00.0   08.5     18.5    19:58      W 
29    16.6    22.7   17:21    11.5   07:41     01.7     00.0    00.0   08.4     16.6    22:20     WSW
30    16.8    23.8   17:06    11.1   07:35     01.5     00.0    00.0   08.9     16.6    23:45     WSW
----------------------------------------------------------------------------------------------------------------------------------------------------------
19.5 (20.0)   27.3  day 21     09.1  day 24   015.3    052.7   115.0   06.7     37.0   day 27      W 
Min <=   30: 30
Max Rain: 35.5 ON 6-09-14
Days of Rain: 16 (> .2mm) 11 (> 2mm) 1 (> 20mm)