MONTHLY CLIMATOLOGICAL SUMMARY for SEP. 2015

NAME: Stenimachos   CITY: Naousa STATE: Imathia
ELEV: 140 LAT: 040:36:00 LONG: -022:07:00

                            TEMPERATURE ( C), RAIN (mm), WIND SPEED (kmh)

                                               HEAT     COOL           AVG
      MEAN                                     DEG      DEG            WIND                       DOM
DAY   TEMP    HIGH   TIME     LOW    TIME      DAYS     DAYS    RAIN   SPEED    HIGH    TIME      DIR
----------------------------------------------------------------------------------------------------------------------------------------------------------
01    27.1    34.0   15:19    20.7   06:16     00.0     08.8    00.0   07.9     20.4    16:29      SW
02    26.2    34.4   16:14    19.1   05:49     00.0     07.9    00.0   08.4     20.4    01:26     WSW
03    26.2    35.2   16:12    18.8   07:06     00.0     07.9    00.0   09.0     18.5    21:11      SW
04    27.1    35.7   16:03    19.2   07:35     00.0     08.8    00.0   07.9     18.5    16:11     WSW
05    27.0    35.8   15:33    19.9   07:20     00.0     08.7    00.0   07.9     18.5    21:16     WSW
06    28.3    36.8   15:47    21.1   07:23     00.0     10.0    00.0   08.5     33.3    14:03      W 
07    25.3    29.1   14:52    21.4   08:21     00.0     07.0    00.0   08.0     25.9    14:12      S 
08    22.2    26.4   16:07    19.3   05:35     00.0     03.9    00.0   07.2     22.2    15:36     SSW
09    19.2    21.4   04:08    16.5   23:47     00.0     00.9    05.8   03.7     11.1    02:52      W 
10    18.0    20.5   16:41    16.1   07:24     00.3     00.0    43.4   03.5     14.8    18:47     WNW
11    22.0    28.1   15:56    18.6   00:08     00.0     03.7    10.1   06.6     20.4    21:38     WSW
12    21.5    27.9   16:49    16.8   06:52     00.0     03.2    00.0   09.2     20.4    22:51     WSW
13    20.7    27.2   16:41    15.1   07:40     00.0     02.4    00.0   08.3     18.5    22:21      SW
14    21.3    27.8   16:06    15.4   07:38     00.0     03.0    00.0   08.2     18.5    16:08     WSW
15    22.0    28.7   15:50    16.5   07:41     00.0     03.7    00.0   07.9     18.5    21:34     WSW
16    22.3    28.7   17:20    17.0   06:34     00.0     04.0    00.0   07.2     14.8    20:16     WSW
17    23.4    30.4   16:38    18.0   08:23     00.0     05.1    00.0   07.6     18.5    20:05     WSW
18    24.9    33.5   17:04    19.2   07:46     00.0     06.6    00.0   08.5     20.4    21:24     WSW
19    25.3    32.5   15:47    19.6   07:50     00.0     07.0    00.0   07.7     16.6    23:43     WSW
20    23.5    29.0   16:11    16.8   23:35     00.0     05.2    45.0   05.9     40.7    22:53     WNW
21    19.9    24.9   13:59    17.0   00:01     00.0     01.6    22.9   05.0     24.1    00:47      W 
22    18.8    21.3   16:58    17.4   22:51     00.0     00.5    15.9   06.1     16.6    21:36     WSW
23    20.5    25.9   13:38    16.8   06:07     00.0     02.2    00.0   07.0     16.6    21:02     WSW
24    21.1    25.3   15:26    17.9   01:43     00.0     02.8    00.0   05.8     16.6    21:33     WSW
25    19.9    23.6   15:04    17.9   04:57     00.0     01.6    01.6   05.7     16.6    23:45      W 
26    18.5    20.2   13:00    17.3   04:08     00.0     00.2    29.0   05.0     16.6    03:36     WSW
27    18.8    22.6   17:03    16.6   00:00     00.0     00.5    00.3   04.6     14.8    23:25      SW
28    18.3    24.2   14:12    14.7   07:28     00.0     00.0    00.0   06.6     14.8    07:46     WSW
29    17.6    22.4   15:09    14.8   08:18     00.7     00.0    00.0   04.3     16.6    21:52      SW
30    16.5    19.2   17:23    14.6   07:58     01.8     00.0    00.0   04.7     14.8    12:18     SSW
----------------------------------------------------------------------------------------------------------------------------------------------------------
22.1 (22.7)   36.8  day 06     14.6  day 30   002.8    117.4   174.2   06.8     40.7   day 20     WSW
Max >=  30: 9
Min <=   30: 30
Max Rain: 45.0 ON 20-09-15
Days of Rain: 9 (> .2mm) 7 (> 2mm) 4 (> 20mm)