MONTHLY CLIMATOLOGICAL SUMMARY for SEP. 2016

NAME: Stenimachos   CITY: Naousa STATE: Imathia
ELEV: 140 LAT: 040:36:00 LONG: -022:07:00

                            TEMPERATURE ( C), RAIN (mm), WIND SPEED (kmh)

                                               HEAT     COOL           AVG
      MEAN                                     DEG      DEG            WIND                       DOM
DAY   TEMP    HIGH   TIME     LOW    TIME      DAYS     DAYS    RAIN   SPEED    HIGH    TIME      DIR
----------------------------------------------------------------------------------------------------------------------------------------------------------
01    22.9    27.8   12:20    20.1   00:00     00.0     04.6    01.4   06.3     22.2    21:29      W 
02    22.5    28.2   16:37    19.8   07:53     00.0     04.2    00.0   06.1     18.5    13:02      SW
03    25.2    31.5   15:59    19.3   07:33     00.0     06.9    00.0   06.5     22.2    22:51      W 
04    24.4    31.1   16:17    18.6   07:35     00.0     06.1    00.0   06.7     18.5    21:39     WSW
05    23.4    30.3   17:13    17.0   06:51     00.0     05.1    00.0   06.2     16.6    16:04     WSW
06    20.3    21.6   00:04    19.1   00:00     00.0     02.0    23.6   03.2     14.8    16:27     WSW
07    19.3    20.2   17:34    18.0   08:32     00.0     01.0    77.7   02.4     14.8    20:27      W 
08    20.1    23.4   16:10    18.2   23:16     00.0     01.8    19.2   02.9     18.5    23:09     WSW
09    20.3    23.4   12:33    18.2   03:14     00.0     02.0    21.4   05.0     18.5    08:51     WSW
10    21.5    27.6   17:01    18.8   07:52     00.0     03.2    00.0   05.9     16.6    23:59     WSW
11    22.5    28.3   13:43    18.9   06:59     00.0     04.2    00.3   05.0     16.6    07:32     WSW
12    22.7    29.4   17:08    18.8   07:01     00.0     04.4    00.0   04.4     16.6    20:50     WSW
13    21.9    28.9   16:01    17.2   07:47     00.0     03.6    04.9   06.7     18.5    20:55     WSW
14    21.9    28.6   16:41    16.9   07:06     00.0     03.6    00.0   07.1     16.6    00:00     WSW
15    23.0    30.4   16:19    17.0   07:58     00.0     04.7    00.0   06.9     20.4    21:14     WSW
16    22.7    30.1   15:39    17.3   07:44     00.0     04.4    00.0   06.6     18.5    01:55     WSW
17    22.2    28.8   15:22    17.4   06:18     00.0     03.9    00.0   04.8     16.6    01:15     WSW
18    23.6    30.2   17:29    19.4   06:54     00.0     05.3    00.0   03.3     20.4    23:06      W 
19    20.0    25.2   14:00    16.1   22:27     00.0     01.7    10.4   05.5     20.4    08:49      W 
20    19.9    26.7   14:24    15.2   07:34     00.0     01.6    00.0   04.9     29.6    01:17      SW
21    18.2    22.8   15:05    15.8   23:26     00.1     00.0    00.3   05.8     16.6    15:56     WSW
22    16.6    19.8   16:19    14.5   00:00     01.7     00.0    01.3   04.8     18.5    23:47     WSW
23    16.3    22.9   16:23    10.9   07:42     02.0     00.0    00.0   07.4     20.4    06:47     WSW
24    16.1    21.8   15:24    10.9   06:56     02.2     00.0    00.0   06.6     18.5    05:48     WSW
25    16.6    22.6   16:15    12.3   07:44     01.7     00.0    00.0   06.7     18.5    20:53     WSW
26    16.8    21.7   15:32    13.8   08:04     01.5     00.0    00.0   05.4     16.6    19:39     WSW
27    16.8    22.3   15:53    13.1   07:54     01.5     00.0    00.0   05.6     20.4    20:52     WSW
28    16.9    23.5   17:24    11.6   06:59     01.4     00.0    00.0   08.1     18.5    23:41     WSW
29    18.0    25.7   16:50    11.6   07:44     00.3     00.0    00.0   07.1     20.4    22:48     WSW
30    18.5    26.2   15:25    12.5   07:58     00.0     00.2    00.0   07.3     18.5    22:18     WSW
----------------------------------------------------------------------------------------------------------------------------------------------------------
20.4 (21.2)   31.5  day 03     10.9  day 24   012.4    074.5   160.4   05.7     29.6   day 20     WSW
Max >=  30: 6
Min <=   30: 30
Max Rain: 77.7 ON 7-09-16
Days of Rain: 10 (> .2mm) 6 (> 2mm) 3 (> 20mm)