MONTHLY CLIMATOLOGICAL SUMMARY for SEP. 2017

NAME: Stenimachos   CITY: Naousa STATE: Imathia
ELEV: 140 LAT: 040:36:00 LONG: -022:07:00

                            TEMPERATURE ( C), RAIN (mm), WIND SPEED (kmh)

                                               HEAT     COOL           AVG
      MEAN                                     DEG      DEG            WIND                       DOM
DAY   TEMP    HIGH   TIME     LOW    TIME      DAYS     DAYS    RAIN   SPEED    HIGH    TIME      DIR
----------------------------------------------------------------------------------------------------------------------------------------------------------
01    21.5    27.3   16:35    17.2   23:59     00.0     03.2    11.9   05.5     18.5    16:17      SW
02    23.7    31.1   16:18    18.0   07:10     00.0     05.4    00.0   05.4     16.6    13:46     WSW
03    20.4    21.2   00:00    15.6   20:00     00.0     02.1    00.0   04.5     09.3    20:00     SSW
04    22.5    28.6   14:05    16.2   06:50     00.0     04.2    00.0   08.2     24.1    16:02      SW
05    20.7    25.2   12:21    15.9   07:16     00.0     02.4    00.0   06.1     22.2    22:02      SW
06    20.2    28.4   16:17    14.1   07:40     00.0     01.9    00.0   08.3     20.4    21:36      SW
07    21.4    29.0   16:31    14.3   07:24     00.0     03.1    00.0   07.2     18.5    01:14     WSW
08    22.8    30.2   16:35    16.5   07:34     00.0     04.5    00.0   06.2     18.5    16:05     WSW
09    21.1    25.3   12:37    17.5   00:00     00.0     02.8    00.9   04.9     27.8    13:58      W 
10    22.1    29.7   17:26    15.8   07:30     00.0     03.8    00.0   06.7     18.5    05:34      W 
11    22.2    27.2   17:01    17.3   07:28     00.0     03.9    00.0   05.8     20.4    17:24     WSW
12    25.2    32.7   16:33    18.2   03:52     00.0     06.9    00.0   05.9     44.4    21:24      W 
13    25.3    31.8   16:18    18.7   07:39     00.0     07.0    00.0   10.5     27.8    15:59     WNW
14    24.2    31.4   16:01    17.9   07:45     00.0     05.9    00.0   08.6     20.4    16:15     WSW
15    23.3    31.5   15:57    16.5   07:35     00.0     05.0    00.0   08.6     18.5    23:59     WSW
16    24.4    33.0   16:36    17.5   07:35     00.0     06.1    00.0   09.0     20.4    21:52     WSW
17    24.9    34.1   16:37    17.9   07:42     00.0     06.6    00.0   08.1     20.4    23:31     WSW
18    25.5    34.6   15:48    17.9   07:41     00.0     07.2    00.0   08.7     22.2    20:11     WSW
19    24.4    32.8   16:16    18.2   07:53     00.0     06.1    00.0   07.9     20.4    06:40      W 
20    23.9    30.8   15:18    18.8   00:00     00.0     05.6    00.0   08.1     38.9    15:18      W 
21    14.5    15.6   20:00    14.3   00:00     03.8     00.0    00.0   09.5     12.9    00:02      W 
22    17.7    24.6   15:54    11.1   06:58     00.6     00.0    00.0   09.7     31.4    14:41     WNW
23    18.1    25.3   16:10    11.7   06:45     00.2     00.0    00.0   08.1     22.2    13:12     WSW
24    18.9    25.3   15:08    12.5   07:44     00.0     00.6    00.0   06.8     20.4    02:18      W 
25    19.6    22.4   13:37    15.8   06:44     00.0     01.3    00.0   05.9     22.2    05:38      W 
26    18.2    23.4   12:50    14.7   23:17     00.1     00.0    02.9   07.0     18.5    23:38     WSW
27    17.7    22.9   17:22    12.1   07:51     00.6     00.0    09.1   06.6     25.9    21:01      W 
28    16.6    18.7   16:36    15.2   00:00     01.7     00.0    08.5   01.6     14.8    22:52      W 
29    15.3    18.3   15:12    14.3   23:15     03.0     00.0    00.0   04.9     14.8    22:17      W 
30    15.5    18.6   13:07    12.8   00:00     02.8     00.0    00.0   05.2     18.5    20:16      W 
----------------------------------------------------------------------------------------------------------------------------------------------------------
21.1 (21.4)   34.6  day 18     11.1  day 22   012.8    106.6   021.4   07.0     44.4   day 12     WSW
Max >=  30: 12
Min <=   30: 33
Max Rain: 11.9 ON 1-09-17
Days of Rain: 6 (> .2mm) 5 (> 2mm) 0 (> 20mm)