MONTHLY CLIMATOLOGICAL SUMMARY for SEP. 2020 NAME: Stenimachos CITY: Naousa STATE: Imathia ELEV: 140 LAT: 040:36:00 LONG: -022:07:00 TEMPERATURE ( °C), RAIN (mm), WIND SPEED (kmh) HEAT COOL AVG MEAN DEG DEG WIND DOM DAY TEMP HIGH TIME LOW TIME DAYS DAYS RAIN SPEED HIGH TIME DIR -------------------------------------------------------------------------------------------------------- 01 26.1 33.7 16:17 19.5 07:00 00.0 07.8 00.0 05.2 20.4 07:17 WSW 02 25.6 32.2 15:48 19.9 07:18 00.0 07.3 00.0 05.4 16.6 12:35 WSW 03 25.7 32.2 14:29 19.9 07:32 00.0 07.4 00.0 05.5 18.5 23:51 WSW 04 23.7 29.4 16:09 18.7 07:14 00.0 05.4 00.0 07.2 24.1 14:29 NW 05 22.3 30.1 15:36 15.0 07:15 00.0 04.0 00.0 06.4 20.4 06:17 W 06 23.2 31.1 16:31 16.7 07:01 00.0 04.9 00.0 06.1 18.5 01:17 WSW 07 23.9 31.8 15:49 17.2 05:40 00.0 05.6 00.0 06.6 18.5 00:59 WSW 08 25.7 33.2 16:24 19.2 05:40 00.0 07.4 00.0 06.8 18.5 23:23 WSW 09 26.1 32.7 16:47 20.9 07:33 00.0 07.8 00.0 06.6 20.4 22:02 WSW 10 25.2 32.6 16:32 19.3 07:04 00.0 06.9 00.0 06.3 18.5 22:10 WSW 11 25.2 32.3 16:27 20.1 05:38 00.0 06.9 00.0 05.7 18.5 21:13 WSW 12 24.8 32.1 17:09 18.8 07:36 00.0 06.5 00.0 06.4 18.5 16:49 WSW 13 25.0 32.3 15:55 18.6 07:29 00.0 06.7 00.0 07.1 20.4 15:54 WSW 14 24.9 31.5 13:43 19.8 06:10 00.0 06.6 00.0 06.2 24.1 02:58 WSW 15 24.1 30.9 16:13 17.9 07:29 00.0 05.8 00.0 07.6 24.1 13:03 WSW 16 23.7 30.8 15:38 17.9 07:07 00.0 05.4 00.0 05.9 20.4 16:39 WSW 17 23.5 29.9 14:51 18.0 07:39 00.0 05.2 00.0 04.6 24.1 15:29 SW 18 23.7 28.8 15:07 21.0 06:43 00.0 05.4 00.0 04.0 27.8 17:13 SW 19 22.9 28.0 16:24 17.7 00:00 00.0 04.6 00.0 05.1 20.4 15:18 SW 20 20.6 26.9 15:17 15.5 07:03 00.0 02.3 00.0 06.0 22.2 17:19 WSW 21 20.3 27.1 16:35 14.4 07:29 00.0 02.0 00.0 05.9 29.6 15:42 WSW 22 20.7 27.4 15:15 14.9 07:47 00.0 02.4 00.0 05.7 18.5 03:25 W 23 19.5 24.2 16:48 16.5 06:38 00.0 01.2 01.0 05.3 18.5 23:55 W 24 21.8 29.5 16:06 16.4 03:03 00.0 03.5 00.0 05.8 18.5 23:04 WSW 25 22.4 29.5 15:29 16.5 07:55 00.0 04.1 00.0 05.3 18.5 23:34 W 26 20.2 23.5 16:05 18.7 23:55 00.0 01.9 11.7 06.5 46.3 19:42 WNW 27 18.6 25.2 16:50 12.0 07:33 00.0 00.3 00.0 06.0 37.0 01:13 WSW 28 19.3 23.9 15:53 16.5 02:01 00.0 01.0 08.2 04.3 18.5 23:50 W 29 19.5 25.7 14:32 14.8 07:22 00.0 01.2 00.0 06.5 38.9 18:17 W 30 17.2 23.5 16:22 11.7 06:42 01.1 00.0 00.0 06.4 20.4 05:18 W -------------------------------------------------------------------------------------------------------- 22.8 (23.4) 33.7 day 01 11.7 day 30 001.1 137.2 020.9 05.9 46.3 day 26 WSW Max >= 30: 15 Min <= 30: 30 Max Rain: 11.7 ON 26-09-20 Days of Rain: 3 (> .2mm) 2 (> 2mm) 0 (> 20mm)