MONTHLY CLIMATOLOGICAL SUMMARY for SEP. 2021 NAME: Stenimachos CITY: Naousa STATE: Imathia ELEV: 140 LAT: 040:36:00 LONG: -022:07:00 TEMPERATURE ( °C), RAIN (mm), WIND SPEED (kmh) HEAT COOL AVG MEAN DEG DEG WIND DOM DAY TEMP HIGH TIME LOW TIME DAYS DAYS RAIN SPEED HIGH TIME DIR -------------------------------------------------------------------------------------------------------- 01 24.3 32.2 15:25 18.1 05:39 00.0 06.0 00.0 06.2 31.4 13:36 W 02 23.1 29.6 16:15 16.9 07:26 00.0 04.8 00.0 04.5 24.1 01:46 NW 03 21.8 29.1 16:08 15.2 07:16 00.0 03.5 00.0 06.7 22.2 16:41 SW 04 22.0 28.9 17:18 16.3 07:15 00.0 03.7 00.0 04.7 16.6 13:47 WSW 05 20.9 27.3 15:58 17.2 00:00 00.0 02.6 08.0 05.7 42.5 16:27 WSW 06 21.0 27.7 17:14 16.5 05:57 00.0 02.7 00.0 06.6 22.2 13:29 WSW 07 21.0 26.5 16:10 15.4 07:14 00.0 02.7 00.0 05.6 35.1 13:00 WSW 08 17.8 22.9 13:09 15.0 23:52 00.5 00.0 06.7 05.4 22.2 20:49 W 09 17.3 23.3 17:22 15.0 00:54 01.0 00.0 05.8 04.6 14.8 22:49 W 10 20.8 27.8 16:07 15.1 03:51 00.0 02.5 00.0 05.5 18.5 20:22 WSW 11 20.9 27.3 17:15 15.8 07:39 00.0 02.6 00.0 05.1 16.6 07:08 WSW 12 22.1 28.7 16:05 17.6 07:00 00.0 03.8 00.0 05.3 22.2 20:57 WSW 13 23.1 30.2 16:43 16.7 06:53 00.0 04.8 00.0 06.3 18.5 22:13 WSW 14 24.3 32.0 16:39 17.7 07:42 00.0 06.0 00.0 06.5 20.4 21:14 WSW 15 23.4 32.2 16:17 16.7 07:19 00.0 05.1 00.0 07.2 22.2 20:19 WSW 16 23.8 31.9 17:30 16.7 07:12 00.0 05.5 00.0 05.3 18.5 03:13 WSW 17 24.1 29.9 17:53 18.8 06:30 00.0 05.8 00.0 02.9 14.8 23:22 W 18 24.2 33.1 14:14 19.3 05:33 00.0 05.9 00.0 04.0 29.6 14:53 WSW 19 22.2 28.8 15:59 18.4 08:30 00.0 03.9 00.3 04.0 20.4 03:22 WSW 20 25.5 34.8 15:09 18.2 07:08 00.0 07.2 00.0 06.2 29.6 16:00 W 21 23.4 29.1 16:26 18.2 08:10 00.0 05.1 00.0 05.1 24.1 03:17 SW 22 19.4 24.3 15:47 14.5 07:33 00.0 01.1 00.0 05.3 27.8 12:40 SE 23 16.2 22.4 16:44 10.0 07:34 02.1 00.0 00.0 07.0 31.4 10:42 WNW 24 17.0 26.1 16:32 09.3 07:44 01.3 00.0 00.0 06.7 20.4 21:39 WSW 25 21.1 31.2 16:20 13.5 07:04 00.0 02.8 00.0 06.5 18.5 23:44 WSW 26 21.2 30.2 16:25 14.7 07:07 00.0 02.9 00.0 06.6 20.4 05:56 WSW 27 21.5 30.4 16:13 15.1 07:27 00.0 03.2 00.0 05.4 16.6 07:27 WSW 28 21.3 25.1 15:07 18.2 08:10 00.0 03.0 00.5 02.5 16.6 21:03 NW 29 18.3 19.2 18:59 17.5 07:05 00.0 00.0 10.7 00.3 07.4 00:00 NNW 30 16.5 17.9 00:38 15.7 12:36 01.8 00.0 10.7 00.8 11.1 23:18 WNW -------------------------------------------------------------------------------------------------------- 21.3 (22.1) 34.8 day 20 09.3 day 24 006.6 097.0 042.6 05.2 42.6 day 05 WSW Max >= 30: 10 Min <= 30: 30 Max Rain: 10.7 ON 29-09-21 Days of Rain: 7 (> .2mm) 5 (> 2mm) 0 (> 20mm)