MONTHLY CLIMATOLOGICAL SUMMARY for SEP. 2023 NAME: Stenimachos CITY: Naousa STATE: Imathia ELEV: 140 LAT: 040:36:00 LONG: -022:07:00 TEMPERATURE ( °C), RAIN (mm), WIND SPEED (kmh) HEAT COOL AVG MEAN DEG DEG WIND DOM DAY TEMP HIGH TIME LOW TIME DAYS DAYS RAIN SPEED HIGH TIME DIR -------------------------------------------------------------------------------------------------------- 01 24.2 30.6 16:29 17.9 07:33 00.0 05.9 00.0 05.6 18.5 23:02 W 02 24.6 31.8 15:58 18.9 05:55 00.0 06.3 00.0 05.5 18.5 23:42 WSW 03 25.8 32.3 16:16 20.0 05:00 00.0 07.5 00.0 04.8 18.5 21:02 WSW 04 19.9 23.7 05:38 16.1 00:00 00.0 01.6 15.0 04.8 24.1 07:10 W 05 19.6 22.6 15:59 16.1 00:15 00.0 01.3 02.4 07.3 27.8 12:15 W 06 20.7 24.0 17:02 18.8 08:06 00.0 02.4 05.4 07.7 27.8 20:51 W 07 20.3 23.2 13:59 19.0 06:36 00.0 02.0 05.5 07.0 24.1 23:58 W 08 22.5 27.9 17:28 19.4 08:15 00.0 04.2 00.3 05.5 31.4 00:58 WSW 09 22.8 28.7 17:06 17.7 07:42 00.0 04.5 00.0 07.6 20.4 12:18 WSW 10 22.1 29.8 18:17 15.7 07:47 00.0 03.8 00.0 06.3 20.4 16:30 W 11 21.8 28.4 16:48 16.1 07:50 00.0 03.5 00.0 06.9 20.4 22:08 WSW 12 21.4 28.9 18:12 15.1 07:48 00.0 03.1 00.0 07.1 18.5 06:52 WSW 13 22.4 29.6 17:25 15.7 06:16 00.0 04.1 00.0 07.1 18.5 05:34 WSW 14 23.2 30.5 16:58 17.0 07:42 00.0 04.9 00.0 06.6 22.2 15:20 WSW 15 23.5 29.9 14:39 18.2 07:40 00.0 05.2 00.0 06.1 16.6 20:49 WSW 16 23.3 28.8 17:22 18.0 07:37 00.0 05.0 00.0 05.7 18.5 06:46 WSW 17 23.7 29.1 16:34 18.3 07:52 00.0 05.4 00.0 05.2 16.6 15:13 WSW 18 22.5 28.0 17:06 18.0 07:40 00.0 04.2 00.0 04.8 18.5 02:08 WSW 19 21.9 27.7 17:20 16.8 08:19 00.0 03.6 00.0 05.0 18.5 04:34 WSW 20 22.9 28.9 17:06 17.3 07:33 00.0 04.6 00.0 05.0 16.6 14:55 WSW 21 22.4 28.4 16:32 18.6 07:42 00.0 04.1 06.6 05.2 18.5 17:20 WSW 22 22.6 28.8 18:21 19.0 07:39 00.0 04.3 00.0 04.0 16.6 22:45 W 23 24.0 31.5 17:20 18.1 07:33 00.0 05.7 00.0 04.8 16.6 07:18 W 24 23.1 27.6 15:12 19.1 06:24 00.0 04.8 00.0 04.2 14.8 22:58 W 25 23.4 27.6 16:00 20.5 08:20 00.0 05.1 00.0 04.3 20.4 16:13 WSW 26 22.7 27.5 16:53 18.0 08:15 00.0 04.4 00.0 04.1 20.4 02:10 WSW 27 22.2 27.4 17:02 16.8 07:57 00.0 03.9 00.0 06.4 16.6 20:53 W 28 22.6 27.3 16:28 17.4 07:58 00.0 04.3 00.0 08.3 22.2 14:36 WSW 29 21.7 27.7 14:12 18.2 02:18 00.0 03.4 00.0 07.5 20.4 19:25 W 30 22.3 28.5 15:02 16.3 08:13 00.0 04.0 00.0 08.4 24.1 21:56 W -------------------------------------------------------------------------------------------------------- 22.5 (23.0) 32.3 day 03 15.1 day 12 000.0 127.0 035.1 06.0 31.5 day 08 WSW Max >= 30: 5 Min <= 30: 30 Max Rain: 15.0 ON 4-09-23 Days of Rain: 6 (> .2mm) 5 (> 2mm) 0 (> 20mm)